CRAN Package Check Results for Package dsTidyverseClient

Last updated on 2025-02-16 10:50:44 CET.

Flavor Version Tinstall Tcheck Ttotal Status Flags
r-devel-linux-x86_64-debian-clang 1.0.0 2.60 38.52 41.12 OK
r-devel-linux-x86_64-debian-gcc 1.0.0 2.31 29.50 31.81 OK
r-devel-linux-x86_64-fedora-clang 1.0.0 73.88 OK
r-devel-linux-x86_64-fedora-gcc 1.0.0 619.64 OK
r-devel-macos-arm64 1.0.0 252.00 OK
r-devel-macos-x86_64 1.0.0 739.00 OK
r-devel-windows-x86_64 1.0.0 5.00 63.00 68.00 OK
r-patched-linux-x86_64 1.0.0 2.71 36.85 39.56 NOTE
r-release-linux-x86_64 1.0.0 2.78 36.35 39.13 NOTE
r-release-macos-arm64 1.0.0 274.00 NOTE
r-release-macos-x86_64 1.0.0 660.00 NOTE
r-release-windows-x86_64 1.0.0 5.00 65.00 70.00 NOTE
r-oldrel-macos-arm64 1.0.0 272.00 NOTE
r-oldrel-macos-x86_64 1.0.0 850.00 NOTE
r-oldrel-windows-x86_64 1.0.0 5.00 70.00 75.00 NOTE

Check Details

Version: 1.0.0
Check: package dependencies
Result: NOTE Packages suggested but not available for checking: 'dsBase', 'dsBaseClient' Flavors: r-patched-linux-x86_64, r-release-linux-x86_64, r-release-macos-arm64, r-release-macos-x86_64, r-release-windows-x86_64, r-oldrel-macos-arm64, r-oldrel-macos-x86_64, r-oldrel-windows-x86_64

These binaries (installable software) and packages are in development.
They may not be fully stable and should be used with caution. We make no claims about them.