Last updated on 2025-10-03 13:49:31 CEST.
Flavor | Version | Tinstall | Tcheck | Ttotal | Status | Flags |
---|---|---|---|---|---|---|
r-devel-linux-x86_64-debian-clang | 2.0.0 | 3.56 | 93.79 | 97.35 | ERROR | |
r-devel-linux-x86_64-debian-gcc | 2.0.0 | 2.47 | 67.28 | 69.75 | ERROR | |
r-devel-linux-x86_64-fedora-clang | 2.0.0 | 154.23 | ERROR | |||
r-devel-linux-x86_64-fedora-gcc | 2.0.0 | 247.62 | OK | |||
r-devel-windows-x86_64 | 2.0.0 | 6.00 | 118.00 | 124.00 | ERROR | |
r-patched-linux-x86_64 | 2.0.0 | 2.54 | 88.17 | 90.71 | ERROR | |
r-release-linux-x86_64 | 2.0.0 | 2.91 | 87.48 | 90.39 | ERROR | |
r-release-macos-arm64 | 2.0.0 | 71.00 | OK | |||
r-release-macos-x86_64 | 2.0.0 | 228.00 | OK | |||
r-release-windows-x86_64 | 2.0.0 | 5.00 | 121.00 | 126.00 | ERROR | |
r-oldrel-macos-arm64 | 2.0.0 | 92.00 | OK | |||
r-oldrel-macos-x86_64 | 2.0.0 | 222.00 | OK | |||
r-oldrel-windows-x86_64 | 2.0.0 | 7.00 | 140.00 | 147.00 | ERROR |
Version: 2.0.0
Check: re-building of vignette outputs
Result: ERROR
Error(s) in re-building vignettes:
...
--- re-building ‘additional_topics.Rmd’ using rmarkdown
[WARNING] Deprecated: --highlight-style. Use --syntax-highlighting instead.
--- finished re-building ‘additional_topics.Rmd’
--- re-building ‘end_to_end_workflow.rmd’ using rmarkdown
[WARNING] Deprecated: --highlight-style. Use --syntax-highlighting instead.
--- finished re-building ‘end_to_end_workflow.rmd’
--- re-building ‘fastkm.Rmd’ using rmarkdown
[WARNING] Deprecated: --highlight-style. Use --syntax-highlighting instead.
--- finished re-building ‘fastkm.Rmd’
--- re-building ‘no_empty_drops.Rmd’ using rmarkdown
[WARNING] Deprecated: --highlight-style. Use --syntax-highlighting instead.
--- finished re-building ‘no_empty_drops.Rmd’
--- re-building ‘understanding_dsb.Rmd’ using rmarkdown
Quitting from understanding_dsb.Rmd:75-104 [unnamed-chunk-7]
~~~~~~~~~~~~~~~~~~~~~~~~~~~~~~~~~~~~~~~~~~~~~~~~~~~~~~~~~~~~~~~~~~~~~~~~~~~~~~~~
NULL
~~~~~~~~~~~~~~~~~~~~~~~~~~~~~~~~~~~~~~~~~~~~~~~~~~~~~~~~~~~~~~~~~~~~~~~~~~~~~~~~
Error: processing vignette 'understanding_dsb.Rmd' failed with diagnostics:
Problem while computing stat.
ℹ Error occurred in the 2nd layer.
Caused by error in `compute_layer()`:
! The package "MASS" is required for calculating 2D density.
--- failed re-building ‘understanding_dsb.Rmd’
SUMMARY: processing the following file failed:
‘understanding_dsb.Rmd’
Error: Vignette re-building failed.
Execution halted
Flavors: r-devel-linux-x86_64-debian-clang, r-devel-linux-x86_64-debian-gcc, r-patched-linux-x86_64, r-release-linux-x86_64
Version: 2.0.0
Check: re-building of vignette outputs
Result: ERROR
Error(s) in re-building vignettes:
--- re-building ‘additional_topics.Rmd’ using rmarkdown
[WARNING] Deprecated: --highlight-style. Use --syntax-highlighting instead.
--- finished re-building ‘additional_topics.Rmd’
--- re-building ‘end_to_end_workflow.rmd’ using rmarkdown
[WARNING] Deprecated: --highlight-style. Use --syntax-highlighting instead.
--- finished re-building ‘end_to_end_workflow.rmd’
--- re-building ‘fastkm.Rmd’ using rmarkdown
[WARNING] Deprecated: --highlight-style. Use --syntax-highlighting instead.
--- finished re-building ‘fastkm.Rmd’
--- re-building ‘no_empty_drops.Rmd’ using rmarkdown
[WARNING] Deprecated: --highlight-style. Use --syntax-highlighting instead.
--- finished re-building ‘no_empty_drops.Rmd’
--- re-building ‘understanding_dsb.Rmd’ using rmarkdown
Quitting from understanding_dsb.Rmd:75-104 [unnamed-chunk-7]
~~~~~~~~~~~~~~~~~~~~~~~~~~~~~~~~~~~~~~~~~~~~~~~~~~~~~~~~~~~~~~~~~~~~~~~~~~~~~~~~
NULL
~~~~~~~~~~~~~~~~~~~~~~~~~~~~~~~~~~~~~~~~~~~~~~~~~~~~~~~~~~~~~~~~~~~~~~~~~~~~~~~~
Error: processing vignette 'understanding_dsb.Rmd' failed with diagnostics:
Problem while computing stat.
ℹ Error occurred in the 2nd layer.
Caused by error in `compute_layer()`:
! The package "MASS" is required for calculating 2D density.
--- failed re-building ‘understanding_dsb.Rmd’
SUMMARY: processing the following file failed:
‘understanding_dsb.Rmd’
Error: Vignette re-building failed.
Execution halted
Flavor: r-devel-linux-x86_64-fedora-clang
Version: 2.0.0
Check: re-building of vignette outputs
Result: ERROR
Error(s) in re-building vignettes:
--- re-building 'additional_topics.Rmd' using rmarkdown
--- finished re-building 'additional_topics.Rmd'
--- re-building 'end_to_end_workflow.rmd' using rmarkdown
--- finished re-building 'end_to_end_workflow.rmd'
--- re-building 'fastkm.Rmd' using rmarkdown
--- finished re-building 'fastkm.Rmd'
--- re-building 'no_empty_drops.Rmd' using rmarkdown
--- finished re-building 'no_empty_drops.Rmd'
--- re-building 'understanding_dsb.Rmd' using rmarkdown
Quitting from understanding_dsb.Rmd:75-104 [unnamed-chunk-7]
~~~~~~~~~~~~~~~~~~~~~~~~~~~~~~~~~~~~~~~~~~~~~~~~~~~~~~~~~~~~~~~~~~~~~~~~~~~~~~~~
NULL
~~~~~~~~~~~~~~~~~~~~~~~~~~~~~~~~~~~~~~~~~~~~~~~~~~~~~~~~~~~~~~~~~~~~~~~~~~~~~~~~
Error: processing vignette 'understanding_dsb.Rmd' failed with diagnostics:
Problem while computing stat.
ℹ Error occurred in the 2nd layer.
Caused by error in `compute_layer()`:
! The package "MASS" is required for calculating 2D density.
--- failed re-building 'understanding_dsb.Rmd'
SUMMARY: processing the following file failed:
'understanding_dsb.Rmd'
Error: Vignette re-building failed.
Execution halted
Flavors: r-devel-windows-x86_64, r-release-windows-x86_64, r-oldrel-windows-x86_64
These binaries (installable software) and packages are in development.
They may not be fully stable and should be used with caution. We make no claims about them.