Last updated on 2025-05-21 21:49:15 CEST.
Flavor | Version | Tinstall | Tcheck | Ttotal | Status | Flags |
---|---|---|---|---|---|---|
r-devel-linux-x86_64-debian-clang | 1.9.0 | 22.42 | 82.82 | 105.24 | NOTE | |
r-devel-linux-x86_64-debian-gcc | 1.9.0 | 17.33 | 61.03 | 78.36 | NOTE | |
r-devel-linux-x86_64-fedora-clang | 1.9.0 | 170.57 | NOTE | |||
r-devel-linux-x86_64-fedora-gcc | 1.9.0 | 177.90 | NOTE | |||
r-devel-windows-x86_64 | 1.9.0 | 30.00 | 125.00 | 155.00 | NOTE | |
r-patched-linux-x86_64 | 1.9.0 | 22.71 | 75.27 | 97.98 | NOTE | |
r-release-linux-x86_64 | 1.9.0 | 22.11 | 75.14 | 97.25 | NOTE | |
r-release-macos-arm64 | 1.9.0 | 56.00 | NOTE | |||
r-release-macos-x86_64 | 1.9.0 | 95.00 | NOTE | |||
r-release-windows-x86_64 | 1.9.0 | 29.00 | 113.00 | 142.00 | NOTE | |
r-oldrel-macos-arm64 | 1.9.0 | 57.00 | OK | |||
r-oldrel-macos-x86_64 | 1.9.0 | 134.00 | OK | |||
r-oldrel-windows-x86_64 | 1.9.0 | 37.00 | 137.00 | 174.00 | OK |
Version: 1.9.0
Check: DESCRIPTION meta-information
Result: NOTE
Missing dependency on R >= 4.1.0 because package code uses the pipe
|> or function shorthand \(...) syntax added in R 4.1.0.
File(s) using such syntax:
‘dscore.R’ ‘get_age_equivalent.R’
Flavors: r-devel-linux-x86_64-debian-clang, r-devel-linux-x86_64-debian-gcc, r-devel-linux-x86_64-fedora-clang, r-devel-linux-x86_64-fedora-gcc, r-devel-windows-x86_64, r-patched-linux-x86_64, r-release-linux-x86_64, r-release-macos-arm64, r-release-macos-x86_64, r-release-windows-x86_64
These binaries (installable software) and packages are in development.
They may not be fully stable and should be used with caution. We make no claims about them.