Last updated on 2025-07-26 07:50:20 CEST.
Flavor | Version | Tinstall | Tcheck | Ttotal | Status | Flags |
---|---|---|---|---|---|---|
r-devel-linux-x86_64-debian-clang | 1.6.0 | 215.68 | 269.76 | 485.44 | OK | |
r-devel-linux-x86_64-debian-gcc | 1.6.0 | 169.25 | 195.03 | 364.28 | OK | |
r-devel-linux-x86_64-fedora-clang | 1.6.0 | 885.34 | OK | |||
r-devel-linux-x86_64-fedora-gcc | 1.6.0 | 889.03 | OK | |||
r-devel-windows-x86_64 | 1.6.0 | 202.00 | 296.00 | 498.00 | OK | |
r-patched-linux-x86_64 | 1.6.0 | 201.04 | 265.05 | 466.09 | OK | |
r-release-linux-x86_64 | 1.6.0 | 213.31 | 265.63 | 478.94 | OK | |
r-release-macos-arm64 | 1.6.0 | 195.00 | OK | |||
r-release-macos-x86_64 | 1.6.0 | 303.00 | OK | |||
r-release-windows-x86_64 | 1.6.0 | 199.00 | 291.00 | 490.00 | OK | |
r-oldrel-macos-arm64 | 1.6.0 | 170.00 | NOTE | |||
r-oldrel-macos-x86_64 | 1.6.0 | 284.00 | NOTE | |||
r-oldrel-windows-x86_64 | 1.6.0 | 245.00 | 389.00 | 634.00 | OK |
Version: 1.6.0
Check: installed package size
Result: NOTE
installed size is 85.2Mb
sub-directories of 1Mb or more:
libs 84.4Mb
Flavors: r-oldrel-macos-arm64, r-oldrel-macos-x86_64
These binaries (installable software) and packages are in development.
They may not be fully stable and should be used with caution. We make no claims about them.