Last updated on 2025-10-03 03:50:37 CEST.
Flavor | Version | Tinstall | Tcheck | Ttotal | Status | Flags |
---|---|---|---|---|---|---|
r-devel-linux-x86_64-debian-clang | 1.7.0 | 216.32 | 295.29 | 511.61 | OK | |
r-devel-linux-x86_64-debian-gcc | 1.7.0 | 174.54 | 217.47 | 392.01 | OK | |
r-devel-linux-x86_64-fedora-clang | 1.7.0 | 842.62 | OK | |||
r-devel-linux-x86_64-fedora-gcc | 1.7.0 | 983.08 | OK | |||
r-devel-windows-x86_64 | 1.7.0 | 190.00 | 318.00 | 508.00 | OK | |
r-patched-linux-x86_64 | 1.7.0 | 212.26 | 290.85 | 503.11 | OK | |
r-release-linux-x86_64 | 1.7.0 | 204.64 | 291.67 | 496.31 | OK | |
r-release-macos-arm64 | 1.7.0 | 226.00 | OK | |||
r-release-macos-x86_64 | 1.7.0 | 369.00 | OK | |||
r-release-windows-x86_64 | 1.7.0 | 190.00 | 305.00 | 495.00 | OK | |
r-oldrel-macos-arm64 | 1.7.0 | 208.00 | NOTE | |||
r-oldrel-macos-x86_64 | 1.7.0 | 402.00 | NOTE | |||
r-oldrel-windows-x86_64 | 1.7.0 | 234.00 | 418.00 | 652.00 | NOTE |
Version: 1.7.0
Check: installed package size
Result: NOTE
installed size is 86.0Mb
sub-directories of 1Mb or more:
help 1.3Mb
libs 83.9Mb
Flavors: r-oldrel-macos-arm64, r-oldrel-macos-x86_64, r-oldrel-windows-x86_64
These binaries (installable software) and packages are in development.
They may not be fully stable and should be used with caution. We make no claims about them.