Last updated on 2025-02-16 10:50:44 CET.
Flavor | Version | Tinstall | Tcheck | Ttotal | Status | Flags |
---|---|---|---|---|---|---|
r-devel-linux-x86_64-debian-clang | 0.2.2 | 22.10 | 183.04 | 205.14 | NOTE | |
r-devel-linux-x86_64-debian-gcc | 0.2.2 | 15.77 | 126.22 | 141.99 | NOTE | |
r-devel-linux-x86_64-fedora-clang | 0.2.2 | 344.48 | NOTE | |||
r-devel-linux-x86_64-fedora-gcc | 0.2.2 | 315.55 | NOTE | |||
r-devel-macos-arm64 | 0.2.2 | 92.00 | OK | |||
r-devel-macos-x86_64 | 0.2.2 | 184.00 | NOTE | |||
r-devel-windows-x86_64 | 0.2.2 | 24.00 | 175.00 | 199.00 | NOTE | |
r-patched-linux-x86_64 | 0.2.2 | 18.81 | 167.16 | 185.97 | OK | |
r-release-linux-x86_64 | 0.2.2 | 20.22 | 167.91 | 188.13 | OK | |
r-release-macos-arm64 | 0.2.2 | 74.00 | OK | |||
r-release-macos-x86_64 | 0.2.2 | 117.00 | OK | |||
r-release-windows-x86_64 | 0.2.2 | 24.00 | 172.00 | 196.00 | OK | |
r-oldrel-macos-arm64 | 0.2.2 | 110.00 | OK | |||
r-oldrel-macos-x86_64 | 0.2.2 | 210.00 | OK | |||
r-oldrel-windows-x86_64 | 0.2.2 | 32.00 | 213.00 | 245.00 | OK |
Version: 0.2.2
Check: DESCRIPTION meta-information
Result: NOTE
Missing dependency on R >= 4.1.0 because package code uses the pipe
|> or function shorthand \(...) syntax added in R 4.1.0.
File(s) using such syntax:
‘QeFairHelpers.R’
Flavors: r-devel-linux-x86_64-debian-clang, r-devel-linux-x86_64-debian-gcc, r-devel-linux-x86_64-fedora-clang, r-devel-linux-x86_64-fedora-gcc, r-devel-macos-x86_64, r-devel-windows-x86_64
These binaries (installable software) and packages are in development.
They may not be fully stable and should be used with caution. We make no claims about them.