Last updated on 2025-02-16 10:50:44 CET.
Flavor | Version | Tinstall | Tcheck | Ttotal | Status | Flags |
---|---|---|---|---|---|---|
r-devel-linux-x86_64-debian-clang | 0.3.3 | 9.68 | 23.98 | 33.66 | NOTE | |
r-devel-linux-x86_64-debian-gcc | 0.3.3 | 6.80 | 20.06 | 26.86 | NOTE | |
r-devel-linux-x86_64-fedora-clang | 0.3.3 | 64.07 | NOTE | |||
r-devel-linux-x86_64-fedora-gcc | 0.3.3 | 57.57 | NOTE | |||
r-devel-macos-arm64 | 0.3.3 | 24.00 | NOTE | |||
r-devel-macos-x86_64 | 0.3.3 | 36.00 | NOTE | |||
r-devel-windows-x86_64 | 0.3.3 | 13.00 | 64.00 | 77.00 | NOTE | |
r-patched-linux-x86_64 | 0.3.3 | 10.21 | 22.72 | 32.93 | NOTE | |
r-release-linux-x86_64 | 0.3.3 | 9.94 | 22.90 | 32.84 | NOTE | |
r-release-macos-arm64 | 0.3.3 | 23.00 | NOTE | |||
r-release-macos-x86_64 | 0.3.3 | 31.00 | NOTE | |||
r-release-windows-x86_64 | 0.3.3 | 14.00 | 62.00 | 76.00 | NOTE | |
r-oldrel-macos-arm64 | 0.3.3 | 26.00 | NOTE | |||
r-oldrel-macos-x86_64 | 0.3.3 | 37.00 | NOTE | |||
r-oldrel-windows-x86_64 | 0.3.3 | 16.00 | 98.00 | 114.00 | NOTE |
Version: 0.3.3
Check: C++ specification
Result: NOTE
Specified C++11: please drop specification unless essential
Flavors: r-devel-linux-x86_64-debian-clang, r-devel-linux-x86_64-debian-gcc, r-devel-linux-x86_64-fedora-clang, r-devel-linux-x86_64-fedora-gcc, r-devel-macos-arm64, r-devel-macos-x86_64, r-devel-windows-x86_64, r-patched-linux-x86_64, r-release-linux-x86_64, r-release-macos-arm64, r-release-macos-x86_64, r-release-windows-x86_64, r-oldrel-macos-arm64, r-oldrel-macos-x86_64, r-oldrel-windows-x86_64
These binaries (installable software) and packages are in development.
They may not be fully stable and should be used with caution. We make no claims about them.