Last updated on 2025-05-01 15:49:29 CEST.
Flavor | Version | Tinstall | Tcheck | Ttotal | Status | Flags |
---|---|---|---|---|---|---|
r-devel-linux-x86_64-debian-clang | 0.1.2 | 2.45 | 33.53 | 35.98 | NOTE | |
r-devel-linux-x86_64-debian-gcc | 0.1.2 | 1.88 | 25.85 | 27.73 | NOTE | |
r-devel-linux-x86_64-fedora-clang | 0.1.2 | 54.62 | OK | |||
r-devel-linux-x86_64-fedora-gcc | 0.1.2 | 67.73 | OK | |||
r-devel-windows-x86_64 | 0.1.2 | 4.00 | 59.00 | 63.00 | OK | |
r-patched-linux-x86_64 | 0.1.2 | 2.90 | 32.31 | 35.21 | OK | |
r-release-linux-x86_64 | OK | |||||
r-release-macos-arm64 | 0.1.2 | 33.00 | OK | |||
r-release-macos-x86_64 | 0.1.2 | 49.00 | OK | |||
r-release-windows-x86_64 | 0.1.2 | 5.00 | 63.00 | 68.00 | OK | |
r-oldrel-macos-arm64 | 0.1.2 | 30.00 | OK | |||
r-oldrel-macos-x86_64 | 0.1.2 | 43.00 | OK | |||
r-oldrel-windows-x86_64 | 0.1.2 | 5.00 | 64.00 | 69.00 | OK |
Version: 0.1.2
Check: CRAN incoming feasibility
Result: NOTE
Maintainer: ‘Vathy M. Kamulete <vathymut@gmail.com>’
The Description field contains
<arXiv:1908.04000>. Modern notions of outlyingness such as trust scores
Please refer to arXiv e-prints via their arXiv DOI <doi:10.48550/arXiv.YYMM.NNNNN>.
Flavors: r-devel-linux-x86_64-debian-clang, r-devel-linux-x86_64-debian-gcc
These binaries (installable software) and packages are in development.
They may not be fully stable and should be used with caution. We make no claims about them.