Last updated on 2025-10-23 17:50:46 CEST.
Flavor | Version | Tinstall | Tcheck | Ttotal | Status | Flags |
---|---|---|---|---|---|---|
r-devel-linux-x86_64-debian-clang | 1.2.0 | 47.70 | 172.38 | 220.08 | NOTE | |
r-devel-linux-x86_64-debian-gcc | 1.2.0 | 26.28 | 114.75 | 141.03 | OK | |
r-devel-linux-x86_64-fedora-clang | 1.2.0 | 294.00 | 89.42 | 383.42 | OK | |
r-devel-linux-x86_64-fedora-gcc | 1.2.0 | 100.00 | 224.51 | 324.51 | OK | |
r-devel-windows-x86_64 | 1.2.0 | 50.00 | 175.00 | 225.00 | OK | |
r-patched-linux-x86_64 | 1.2.0 | 45.16 | 161.50 | 206.66 | OK | |
r-release-linux-x86_64 | 1.2.0 | 41.27 | 160.57 | 201.84 | OK | |
r-release-macos-arm64 | 1.2.0 | 19.00 | 66.00 | 85.00 | OK | |
r-release-macos-x86_64 | 1.2.0 | 40.00 | 130.00 | 170.00 | OK | |
r-release-windows-x86_64 | 1.2.0 | 55.00 | 177.00 | 232.00 | OK | |
r-oldrel-macos-arm64 | 1.2.0 | 17.00 | 67.00 | 84.00 | OK | |
r-oldrel-macos-x86_64 | 1.2.0 | 30.00 | 138.00 | 168.00 | OK | |
r-oldrel-windows-x86_64 | 1.2.0 | 63.00 | 239.00 | 302.00 | OK |
Version: 1.2.0
Check: HTML version of manual
Result: NOTE
Found the following HTML validation problems:
getARpXmat.html:54:1 (getARpXmat.Rd:14): Warning: missing </ul> before </div>
initCholReg_spam.html:60:1 (initCholReg_spam.Rd:16): Warning: missing </ul> before </div>
initChol_spam.html:52:1 (initChol_spam.Rd:12): Warning: missing </ul> before </div>
sample_mat_c.html:74:1 (sample_mat_c.Rd:24): Warning: missing </ul> before </div>
Flavor: r-devel-linux-x86_64-debian-clang
These binaries (installable software) and packages are in development.
They may not be fully stable and should be used with caution. We make no claims about them.