Last updated on 2025-11-11 15:50:32 CET.
| Flavor | Version | Tinstall | Tcheck | Ttotal | Status | Flags |
|---|---|---|---|---|---|---|
| r-devel-linux-x86_64-debian-clang | 1.0.0 | 11.08 | 102.59 | 113.67 | NOTE | |
| r-devel-linux-x86_64-debian-gcc | 1.0.0 | 7.49 | 78.15 | 85.64 | NOTE | |
| r-devel-linux-x86_64-fedora-clang | 1.0.0 | 21.00 | 153.70 | 174.70 | OK | |
| r-devel-linux-x86_64-fedora-gcc | 1.0.0 | 21.00 | 157.87 | 178.87 | OK | |
| r-devel-windows-x86_64 | 1.0.0 | 12.00 | 101.00 | 113.00 | OK | |
| r-patched-linux-x86_64 | 1.0.0 | 10.67 | 95.96 | 106.63 | OK | |
| r-release-linux-x86_64 | 1.0.0 | 9.94 | 95.30 | 105.24 | OK | |
| r-release-macos-arm64 | 1.0.0 | 5.00 | 47.00 | 52.00 | OK | |
| r-release-macos-x86_64 | 1.0.0 | 10.00 | 95.00 | 105.00 | OK | |
| r-release-windows-x86_64 | 1.0.0 | 12.00 | 100.00 | 112.00 | OK | |
| r-oldrel-macos-arm64 | 1.0.0 | 5.00 | 51.00 | 56.00 | OK | |
| r-oldrel-macos-x86_64 | 1.0.0 | 7.00 | 67.00 | 74.00 | OK | |
| r-oldrel-windows-x86_64 | 1.0.0 | 17.00 | 134.00 | 151.00 | OK |
Version: 1.0.0
Check: CRAN incoming feasibility
Result: NOTE
Maintainer: ‘Michael Nelson <michael.nelson.r.pkg@gmail.com>’
No Authors@R field in DESCRIPTION.
Please add one, modifying
Authors@R: person(given = "Michael",
family = "Nelson",
role = c("aut", "cre"),
email = "michael.nelson.r.pkg@gmail.com")
as necessary.
Flavors: r-devel-linux-x86_64-debian-clang, r-devel-linux-x86_64-debian-gcc
These binaries (installable software) and packages are in development.
They may not be fully stable and should be used with caution. We make no claims about them.