Last updated on 2025-10-30 23:50:06 CET.
| Flavor | Version | Tinstall | Tcheck | Ttotal | Status | Flags | 
|---|---|---|---|---|---|---|
| r-devel-linux-x86_64-debian-clang | 1.0.4 | 1.86 | 20.58 | 22.44 | NOTE | |
| r-devel-linux-x86_64-debian-gcc | 1.0.4 | 1.45 | 17.25 | 18.70 | NOTE | |
| r-devel-linux-x86_64-fedora-clang | 1.0.4 | 32.75 | OK | |||
| r-devel-linux-x86_64-fedora-gcc | 1.0.4 | 31.04 | OK | |||
| r-devel-windows-x86_64 | 1.0.4 | 3.00 | 39.00 | 42.00 | OK | |
| r-patched-linux-x86_64 | 1.0.4 | 1.83 | 19.26 | 21.09 | OK | |
| r-release-linux-x86_64 | 1.0.4 | 1.91 | 19.20 | 21.11 | OK | |
| r-release-macos-arm64 | 1.0.4 | 1.00 | 19.00 | 20.00 | OK | |
| r-release-macos-x86_64 | 1.0.4 | 2.00 | 21.00 | 23.00 | OK | |
| r-release-windows-x86_64 | 1.0.4 | 4.00 | 44.00 | 48.00 | OK | |
| r-oldrel-macos-arm64 | 1.0.4 | 1.00 | 14.00 | 15.00 | OK | |
| r-oldrel-macos-x86_64 | 1.0.4 | 2.00 | 19.00 | 21.00 | OK | |
| r-oldrel-windows-x86_64 | 1.0.4 | 2.00 | 40.00 | 42.00 | OK | 
Version: 1.0.4
Check: CRAN incoming feasibility
Result: NOTE
  Maintainer: ‘Paul R. Rosenbaum <rosenbaum@wharton.upenn.edu>’
  
  No Authors@R field in DESCRIPTION.
  Please add one, modifying
    Authors@R: person(given = c("Paul", "R."),
                      family = "Rosenbaum",
                      role = c("aut", "cre"),
                      email = "rosenbaum@wharton.upenn.edu")
  as necessary.
Flavors: r-devel-linux-x86_64-debian-clang, r-devel-linux-x86_64-debian-gcc
These binaries (installable software) and packages are in development.
They may not be fully stable and should be used with caution. We make no claims about them.