Last updated on 2025-02-23 13:51:09 CET.
Flavor | Version | Tinstall | Tcheck | Ttotal | Status | Flags |
---|---|---|---|---|---|---|
r-devel-linux-x86_64-debian-clang | 0.1.3 | 15.16 | 49.44 | 64.60 | OK | |
r-devel-linux-x86_64-debian-gcc | 0.1.3 | 12.54 | 35.61 | 48.15 | OK | |
r-devel-linux-x86_64-fedora-clang | 0.1.3 | 112.26 | WARN | |||
r-devel-linux-x86_64-fedora-gcc | 0.1.3 | 101.63 | OK | |||
r-devel-macos-arm64 | 0.1.3 | 32.00 | OK | |||
r-devel-macos-x86_64 | 0.1.3 | 67.00 | OK | |||
r-devel-windows-x86_64 | 0.1.3 | 18.00 | 84.00 | 102.00 | OK | |
r-patched-linux-x86_64 | 0.1.3 | 17.42 | 44.46 | 61.88 | OK | |
r-release-linux-x86_64 | 0.1.3 | 15.64 | 44.56 | 60.20 | OK | |
r-release-macos-arm64 | 0.1.3 | 35.00 | OK | |||
r-release-macos-x86_64 | 0.1.3 | 91.00 | OK | |||
r-release-windows-x86_64 | 0.1.3 | 18.00 | 78.00 | 96.00 | OK | |
r-oldrel-macos-arm64 | 0.1.3 | 45.00 | OK | |||
r-oldrel-macos-x86_64 | 0.1.3 | 61.00 | OK | |||
r-oldrel-windows-x86_64 | 0.1.3 | 23.00 | 93.00 | 116.00 | OK |
Version: 0.1.3
Check: whether package can be installed
Result: WARN
Found the following significant warnings:
/data/gannet/ripley/R/test-clang/RcppDate/include/date.h:966:34: warning: identifier '_d' preceded by whitespace in a literal operator declaration is deprecated [-Wdeprecated-literal-operator]
/data/gannet/ripley/R/test-clang/RcppDate/include/date.h:967:34: warning: identifier '_y' preceded by whitespace in a literal operator declaration is deprecated [-Wdeprecated-literal-operator]
/data/gannet/ripley/R/test-clang/RcppDate/include/date.h:1975:13: warning: identifier '_d' preceded by whitespace in a literal operator declaration is deprecated [-Wdeprecated-literal-operator]
/data/gannet/ripley/R/test-clang/RcppDate/include/date.h:1983:13: warning: identifier '_y' preceded by whitespace in a literal operator declaration is deprecated [-Wdeprecated-literal-operator]
See ‘/data/gannet/ripley/R/packages/tests-clang/dtts.Rcheck/00install.out’ for details.
* used C++ compiler: ‘clang version 20.1.0-rc2’
Flavor: r-devel-linux-x86_64-fedora-clang
These binaries (installable software) and packages are in development.
They may not be fully stable and should be used with caution. We make no claims about them.