CRAN Package Check Results for Package dtts

Last updated on 2025-10-23 11:50:12 CEST.

Flavor Version Tinstall Tcheck Ttotal Status Flags
r-devel-linux-x86_64-debian-clang 0.1.3 15.93 51.90 67.83 NOTE
r-devel-linux-x86_64-debian-gcc 0.1.3 11.92 37.25 49.17 NOTE
r-devel-linux-x86_64-fedora-clang 0.1.3 49.00 60.61 109.61 OK
r-devel-linux-x86_64-fedora-gcc 0.1.3 40.00 61.98 101.98 OK
r-devel-windows-x86_64 0.1.3 20.00 76.00 96.00 OK
r-patched-linux-x86_64 0.1.3 18.33 47.00 65.33 OK
r-release-linux-x86_64 0.1.3 16.61 47.22 63.83 OK
r-release-macos-arm64 0.1.3 8.00 29.00 37.00 OK
r-release-macos-x86_64 0.1.3 17.00 51.00 68.00 OK
r-release-windows-x86_64 0.1.3 20.00 77.00 97.00 OK
r-oldrel-macos-arm64 0.1.3 9.00 26.00 35.00 OK
r-oldrel-macos-x86_64 0.1.3 21.00 70.00 91.00 OK
r-oldrel-windows-x86_64 0.1.3 25.00 99.00 124.00 OK

Check Details

Version: 0.1.3
Check: CRAN incoming feasibility
Result: NOTE Maintainer: ‘Dirk Eddelbuettel <edd@debian.org>’ No Authors@R field in DESCRIPTION. Please add one, modifying Authors@R: c(person(given = "Dirk", family = "Eddelbuettel", role = c("aut", "cre"), email = "edd@debian.org"), person(given = "Leonardo", family = "Silvestri", role = "aut")) as necessary. Flavors: r-devel-linux-x86_64-debian-clang, r-devel-linux-x86_64-debian-gcc

These binaries (installable software) and packages are in development.
They may not be fully stable and should be used with caution. We make no claims about them.