Last updated on 2025-07-25 15:49:59 CEST.
Flavor | Version | Tinstall | Tcheck | Ttotal | Status | Flags |
---|---|---|---|---|---|---|
r-devel-linux-x86_64-debian-clang | 1.23-1 | 3.93 | 44.40 | 48.33 | NOTE | |
r-devel-linux-x86_64-debian-gcc | 1.23-1 | 2.74 | 34.15 | 36.89 | NOTE | |
r-devel-linux-x86_64-fedora-clang | 1.23-1 | 72.80 | OK | |||
r-devel-linux-x86_64-fedora-gcc | 1.23-1 | 83.19 | OK | |||
r-devel-windows-x86_64 | 1.23-1 | 7.00 | 96.00 | 103.00 | OK | |
r-patched-linux-x86_64 | 1.23-1 | 4.12 | 41.18 | 45.30 | OK | |
r-release-linux-x86_64 | 1.23-1 | 3.50 | 41.25 | 44.75 | OK | |
r-release-macos-arm64 | 1.23-1 | 40.00 | OK | |||
r-release-macos-x86_64 | 1.23-1 | 71.00 | OK | |||
r-release-windows-x86_64 | 1.23-1 | 6.00 | 93.00 | 99.00 | OK | |
r-oldrel-macos-arm64 | 1.23-1 | 44.00 | OK | |||
r-oldrel-macos-x86_64 | 1.23-1 | 51.00 | OK | |||
r-oldrel-windows-x86_64 | 1.23-1 | 9.00 | 90.00 | 99.00 | OK |
Version: 1.23-1
Check: CRAN incoming feasibility
Result: NOTE
Maintainer: ‘Toni Giorgino <toni.giorgino@gmail.com>’
Package CITATION file contains call(s) to old-style personList() or
as.personList(). Please use c() on person objects instead.
Flavors: r-devel-linux-x86_64-debian-clang, r-devel-linux-x86_64-debian-gcc
These binaries (installable software) and packages are in development.
They may not be fully stable and should be used with caution. We make no claims about them.