Last updated on 2025-07-22 07:49:38 CEST.
Flavor | Version | Tinstall | Tcheck | Ttotal | Status | Flags |
---|---|---|---|---|---|---|
r-devel-linux-x86_64-debian-clang | 6.0.0 | 121.62 | 366.68 | 488.30 | NOTE | |
r-devel-linux-x86_64-debian-gcc | 6.0.0 | 93.78 | 264.52 | 358.30 | NOTE | |
r-devel-linux-x86_64-fedora-clang | 6.0.0 | 837.24 | OK | |||
r-devel-linux-x86_64-fedora-gcc | 6.0.0 | 809.98 | OK | |||
r-devel-windows-x86_64 | 6.0.0 | 170.00 | 334.00 | 504.00 | OK | |
r-patched-linux-x86_64 | 6.0.0 | 124.21 | 350.16 | 474.37 | OK | |
r-release-linux-x86_64 | 6.0.0 | 126.30 | 351.02 | 477.32 | OK | |
r-release-macos-arm64 | 6.0.0 | 194.00 | OK | |||
r-release-macos-x86_64 | 6.0.0 | 451.00 | OK | |||
r-release-windows-x86_64 | 6.0.0 | 171.00 | 347.00 | 518.00 | OK | |
r-oldrel-macos-arm64 | 6.0.0 | 118.00 | NOTE | |||
r-oldrel-macos-x86_64 | 6.0.0 | 181.00 | NOTE | |||
r-oldrel-windows-x86_64 | 6.0.0 | 196.00 | 426.00 | 622.00 | NOTE |
Version: 6.0.0
Check: CRAN incoming feasibility
Result: NOTE
Maintainer: ‘Alexis Sarda <alexis.sarda@gmail.com>’
No Authors@R field in DESCRIPTION.
Please add one, modifying
Authors@R: c(person(given = "Alexis",
family = "Sarda-Espinosa",
role = "aut"),
person(given = "Alexis",
family = "Sarda",
role = "cre",
email = "alexis.sarda@gmail.com"))
as necessary.
Flavors: r-devel-linux-x86_64-debian-clang, r-devel-linux-x86_64-debian-gcc
Version: 6.0.0
Check: installed package size
Result: NOTE
installed size is 9.2Mb
sub-directories of 1Mb or more:
doc 2.1Mb
libs 5.6Mb
Flavors: r-oldrel-macos-arm64, r-oldrel-macos-x86_64
Version: 6.0.0
Check: for GNU extensions in Makefiles
Result: NOTE
GNU make is a SystemRequirements.
Flavors: r-oldrel-macos-arm64, r-oldrel-macos-x86_64, r-oldrel-windows-x86_64
These binaries (installable software) and packages are in development.
They may not be fully stable and should be used with caution. We make no claims about them.