Last updated on 2025-11-11 15:50:32 CET.
| Flavor | Version | Tinstall | Tcheck | Ttotal | Status | Flags |
|---|---|---|---|---|---|---|
| r-devel-linux-x86_64-debian-clang | 0.1.5 | 3.91 | 34.41 | 38.32 | OK | |
| r-devel-linux-x86_64-debian-gcc | 0.1.5 | 2.39 | 26.87 | 29.26 | OK | |
| r-devel-linux-x86_64-fedora-clang | 0.1.5 | 56.16 | NOTE | |||
| r-devel-linux-x86_64-fedora-gcc | 0.1.5 | 56.77 | NOTE | |||
| r-devel-windows-x86_64 | 0.1.5 | 7.00 | 64.00 | 71.00 | OK | |
| r-patched-linux-x86_64 | 0.1.5 | 3.14 | 33.86 | 37.00 | OK | |
| r-release-linux-x86_64 | 0.1.5 | 2.94 | 33.08 | 36.02 | OK | |
| r-release-macos-arm64 | 0.1.5 | 3.00 | 26.00 | 29.00 | OK | |
| r-release-macos-x86_64 | 0.1.5 | 4.00 | 41.00 | 45.00 | OK | |
| r-release-windows-x86_64 | 0.1.5 | 7.00 | 63.00 | 70.00 | OK | |
| r-oldrel-macos-arm64 | 0.1.5 | 3.00 | 22.00 | 25.00 | OK | |
| r-oldrel-macos-x86_64 | 0.1.5 | 4.00 | 32.00 | 36.00 | OK | |
| r-oldrel-windows-x86_64 | 0.1.5 | 5.00 | 65.00 | 70.00 | OK |
Version: 0.1.5
Check: compiled code
Result: NOTE
File ‘dualtrees/libs/dualtrees.so’:
Found no calls to: ‘R_registerRoutines’, ‘R_useDynamicSymbols’
It is good practice to register native routines and to disable symbol
search.
See ‘Writing portable packages’ in the ‘Writing R Extensions’ manual.
Flavors: r-devel-linux-x86_64-fedora-clang, r-devel-linux-x86_64-fedora-gcc
These binaries (installable software) and packages are in development.
They may not be fully stable and should be used with caution. We make no claims about them.