Last updated on 2025-02-16 10:50:45 CET.
Flavor | Version | Tinstall | Tcheck | Ttotal | Status | Flags |
---|---|---|---|---|---|---|
r-devel-linux-x86_64-debian-clang | 0.1.5 | 3.55 | 31.71 | 35.26 | OK | |
r-devel-linux-x86_64-debian-gcc | 0.1.5 | 2.46 | 25.58 | 28.04 | OK | |
r-devel-linux-x86_64-fedora-clang | 0.1.5 | 61.87 | NOTE | |||
r-devel-linux-x86_64-fedora-gcc | 0.1.5 | 57.80 | NOTE | |||
r-devel-macos-arm64 | 0.1.5 | 25.00 | OK | |||
r-devel-macos-x86_64 | 0.1.5 | 46.00 | OK | |||
r-devel-windows-x86_64 | 0.1.5 | 5.00 | 71.00 | 76.00 | OK | |
r-patched-linux-x86_64 | 0.1.5 | 3.20 | 31.44 | 34.64 | OK | |
r-release-linux-x86_64 | 0.1.5 | 2.99 | 31.94 | 34.93 | OK | |
r-release-macos-arm64 | 0.1.5 | 25.00 | OK | |||
r-release-macos-x86_64 | 0.1.5 | 36.00 | OK | |||
r-release-windows-x86_64 | 0.1.5 | 5.00 | 65.00 | 70.00 | OK | |
r-oldrel-macos-arm64 | 0.1.5 | 122.00 | OK | |||
r-oldrel-macos-x86_64 | 0.1.5 | 68.00 | OK | |||
r-oldrel-windows-x86_64 | 0.1.5 | 8.00 | 67.00 | 75.00 | OK |
Version: 0.1.5
Check: compiled code
Result: NOTE
File ‘dualtrees/libs/dualtrees.so’:
Found no calls to: ‘R_registerRoutines’, ‘R_useDynamicSymbols’
It is good practice to register native routines and to disable symbol
search.
See ‘Writing portable packages’ in the ‘Writing R Extensions’ manual.
Flavors: r-devel-linux-x86_64-fedora-clang, r-devel-linux-x86_64-fedora-gcc
These binaries (installable software) and packages are in development.
They may not be fully stable and should be used with caution. We make no claims about them.