Last updated on 2024-07-27 15:50:16 CEST.
Flavor | Version | Tinstall | Tcheck | Ttotal | Status | Flags |
---|---|---|---|---|---|---|
r-devel-linux-x86_64-debian-clang | 0.6.7 | 2.83 | 39.01 | 41.84 | OK | |
r-devel-linux-x86_64-debian-gcc | 0.6.7 | OK | ||||
r-devel-linux-x86_64-fedora-clang | 0.6.7 | 56.99 | NOTE | |||
r-devel-linux-x86_64-fedora-gcc | 0.6.7 | 64.84 | NOTE | |||
r-devel-windows-x86_64 | 0.6.7 | 6.00 | 62.00 | 68.00 | OK | |
r-patched-linux-x86_64 | 0.6.7 | OK | ||||
r-release-linux-x86_64 | 0.6.7 | 1.69 | 38.06 | 39.75 | OK | |
r-release-macos-arm64 | 0.6.7 | 27.00 | OK | |||
r-release-macos-x86_64 | 0.6.7 | 41.00 | OK | |||
r-release-windows-x86_64 | 0.6.7 | 4.00 | 54.00 | 58.00 | OK | |
r-oldrel-macos-arm64 | 0.6.7 | 30.00 | OK | |||
r-oldrel-macos-x86_64 | 0.6.7 | 41.00 | OK | |||
r-oldrel-windows-x86_64 | 0.6.7 | 5.00 | 60.00 | 65.00 | OK |
Version: 0.6.7
Check: dependencies in R code
Result: NOTE
Namespaces in Imports field not imported from:
‘digest’ ‘dplyr’
All declared Imports should be used.
Flavors: r-devel-linux-x86_64-fedora-clang, r-devel-linux-x86_64-fedora-gcc
These binaries (installable software) and packages are in development.
They may not be fully stable and should be used with caution. We make no claims about them.