CRAN Package Check Results for Package dub

Last updated on 2025-10-03 13:49:31 CEST.

Flavor Version Tinstall Tcheck Ttotal Status Flags
r-devel-linux-x86_64-debian-clang 0.2.0 1.66 20.17 21.83 OK
r-devel-linux-x86_64-debian-gcc 0.2.0 1.41 16.19 17.60 OK
r-devel-linux-x86_64-fedora-clang 0.2.0 31.40 OK
r-devel-linux-x86_64-fedora-gcc 0.2.0 30.96 OK
r-devel-windows-x86_64 0.2.0 4.00 38.00 42.00 OK
r-patched-linux-x86_64 0.2.0 1.57 18.95 20.52 OK
r-release-linux-x86_64 0.2.0 1.42 18.85 20.27 OK
r-release-macos-arm64 0.2.0 16.00 OK
r-release-macos-x86_64 0.2.0 23.00 OK
r-release-windows-x86_64 0.2.0 2.00 39.00 41.00 OK
r-oldrel-macos-arm64 0.2.0 14.00 NOTE
r-oldrel-macos-x86_64 0.2.0 21.00 NOTE
r-oldrel-windows-x86_64 0.2.0 4.00 43.00 47.00 NOTE

Check Details

Version: 0.2.0
Check: LazyData
Result: NOTE 'LazyData' is specified without a 'data' directory Flavors: r-oldrel-macos-arm64, r-oldrel-macos-x86_64, r-oldrel-windows-x86_64

These binaries (installable software) and packages are in development.
They may not be fully stable and should be used with caution. We make no claims about them.