Last updated on 2025-05-01 12:49:26 CEST.
Flavor | Version | Tinstall | Tcheck | Ttotal | Status | Flags |
---|---|---|---|---|---|---|
r-devel-linux-x86_64-debian-clang | 1.2.1 | 3311.46 | 92.80 | 3404.26 | OK | |
r-devel-linux-x86_64-debian-gcc | 1.2.2 | 2718.09 | 76.95 | 2795.04 | OK | |
r-devel-linux-x86_64-fedora-clang | 1.2.2 | 5741.45 | OK | |||
r-devel-linux-x86_64-fedora-gcc | 1.2.2 | 8094.76 | OK | |||
r-devel-windows-x86_64 | 1.2.2 | 2284.00 | 388.00 | 2672.00 | OK | |
r-patched-linux-x86_64 | 1.2.1 | 3706.15 | 84.24 | 3790.39 | OK | |
r-release-linux-x86_64 | OK | |||||
r-release-macos-arm64 | 1.2.2 | 869.00 | OK | |||
r-release-macos-x86_64 | 1.2.2 | 904.00 | OK | |||
r-release-windows-x86_64 | 1.2.2 | 2319.00 | 367.00 | 2686.00 | OK | |
r-oldrel-macos-arm64 | 1.2.2 | 965.00 | NOTE | |||
r-oldrel-macos-x86_64 | 1.2.2 | 1010.00 | NOTE | |||
r-oldrel-windows-x86_64 | 1.2.1 | 3483.00 | 534.00 | 4017.00 | NOTE |
Version: 1.2.2
Check: installed package size
Result: NOTE
installed size is 52.2Mb
sub-directories of 1Mb or more:
libs 51.4Mb
Flavors: r-oldrel-macos-arm64, r-oldrel-macos-x86_64
Version: 1.2.1
Check: installed package size
Result: NOTE
installed size is 32.6Mb
sub-directories of 1Mb or more:
libs 31.9Mb
Flavor: r-oldrel-windows-x86_64
These binaries (installable software) and packages are in development.
They may not be fully stable and should be used with caution. We make no claims about them.