CRAN Package Check Results for Package dupree

Last updated on 2025-02-02 14:48:21 CET.

Flavor Version Tinstall Tcheck Ttotal Status Flags
r-devel-linux-x86_64-debian-clang 0.3.0 5.92 47.11 53.03 OK
r-devel-linux-x86_64-debian-gcc 0.3.0 4.30 33.78 38.08 OK
r-devel-linux-x86_64-fedora-clang 0.3.0 88.64 OK
r-devel-linux-x86_64-fedora-gcc 0.3.0 73.36 OK
r-devel-windows-x86_64 0.3.0 8.00 60.00 68.00 OK
r-patched-linux-x86_64 0.3.0 4.37 40.99 45.36 NOTE
r-release-linux-x86_64 0.3.0 4.88 40.81 45.69 NOTE
r-release-macos-arm64 0.3.0 27.00 NOTE
r-release-macos-x86_64 0.3.0 42.00 NOTE
r-release-windows-x86_64 0.3.0 8.00 60.00 68.00 NOTE
r-oldrel-macos-arm64 0.3.0 27.00 NOTE
r-oldrel-macos-x86_64 0.3.0 38.00 NOTE
r-oldrel-windows-x86_64 0.3.0 10.00 69.00 79.00 NOTE

Check Details

Version: 0.3.0
Check: LazyData
Result: NOTE 'LazyData' is specified without a 'data' directory Flavors: r-patched-linux-x86_64, r-release-linux-x86_64, r-release-macos-arm64, r-release-macos-x86_64, r-release-windows-x86_64, r-oldrel-macos-arm64, r-oldrel-macos-x86_64, r-oldrel-windows-x86_64

These binaries (installable software) and packages are in development.
They may not be fully stable and should be used with caution. We make no claims about them.