Last updated on 2025-11-11 15:50:32 CET.
| Flavor | Version | Tinstall | Tcheck | Ttotal | Status | Flags |
|---|---|---|---|---|---|---|
| r-devel-linux-x86_64-debian-clang | 0.3.0 | 5.47 | 45.72 | 51.19 | NOTE | |
| r-devel-linux-x86_64-debian-gcc | 0.3.0 | 3.70 | 32.86 | 36.56 | NOTE | |
| r-devel-linux-x86_64-fedora-clang | 0.3.0 | 11.00 | 64.04 | 75.04 | OK | |
| r-devel-linux-x86_64-fedora-gcc | 0.3.0 | 11.00 | 57.40 | 68.40 | OK | |
| r-devel-windows-x86_64 | 0.3.0 | 8.00 | 57.00 | 65.00 | OK | |
| r-patched-linux-x86_64 | 0.3.0 | 4.92 | 39.36 | 44.28 | OK | |
| r-release-linux-x86_64 | 0.3.0 | 4.72 | 39.28 | 44.00 | OK | |
| r-release-macos-arm64 | 0.3.0 | 3.00 | 26.00 | 29.00 | OK | |
| r-release-macos-x86_64 | 0.3.0 | 4.00 | 41.00 | 45.00 | OK | |
| r-release-windows-x86_64 | 0.3.0 | 7.00 | 55.00 | 62.00 | OK | |
| r-oldrel-macos-arm64 | 0.3.0 | 3.00 | 24.00 | 27.00 | NOTE | |
| r-oldrel-macos-x86_64 | 0.3.0 | 4.00 | 38.00 | 42.00 | NOTE | |
| r-oldrel-windows-x86_64 | 0.3.0 | 10.00 | 66.00 | 76.00 | NOTE |
Version: 0.3.0
Check: CRAN incoming feasibility
Result: NOTE
Maintainer: ‘Russ Hyde <russ.hyde.data@gmail.com>’
No Authors@R field in DESCRIPTION.
Please add one, modifying
Authors@R: c(person(given = "Russ",
family = "Hyde",
role = c("aut", "cre"),
email = "russ.hyde.data@gmail.com"),
person(given = c("University", "of"),
family = "Glasgow",
role = "aut"))
as necessary.
Flavors: r-devel-linux-x86_64-debian-clang, r-devel-linux-x86_64-debian-gcc
Version: 0.3.0
Check: LazyData
Result: NOTE
'LazyData' is specified without a 'data' directory
Flavors: r-oldrel-macos-arm64, r-oldrel-macos-x86_64, r-oldrel-windows-x86_64
These binaries (installable software) and packages are in development.
They may not be fully stable and should be used with caution. We make no claims about them.