Last updated on 2025-05-08 04:52:03 CEST.
Flavor | Version | Tinstall | Tcheck | Ttotal | Status | Flags |
---|---|---|---|---|---|---|
r-devel-linux-x86_64-debian-clang | 2.0.3 | 4.52 | 63.00 | 67.52 | NOTE | |
r-devel-linux-x86_64-debian-gcc | 2.0.3 | 2.88 | 47.11 | 49.99 | NOTE | |
r-devel-linux-x86_64-fedora-clang | 2.0.3 | 102.70 | NOTE | |||
r-devel-linux-x86_64-fedora-gcc | 2.0.3 | 112.81 | NOTE | |||
r-devel-windows-x86_64 | 2.0.3 | 7.00 | 85.00 | 92.00 | NOTE | |
r-patched-linux-x86_64 | 2.0.3 | 3.84 | 58.23 | 62.07 | NOTE | |
r-release-linux-x86_64 | 2.0.3 | 4.20 | 58.53 | 62.73 | NOTE | |
r-release-macos-arm64 | 2.0.3 | 72.00 | NOTE | |||
r-release-macos-x86_64 | 2.0.3 | 86.00 | NOTE | |||
r-release-windows-x86_64 | 2.0.3 | 7.00 | 94.00 | 101.00 | NOTE | |
r-oldrel-macos-arm64 | 2.0.3 | 51.00 | OK | |||
r-oldrel-macos-x86_64 | 2.0.3 | 73.00 | OK | |||
r-oldrel-windows-x86_64 | 2.0.3 | 8.00 | 99.00 | 107.00 | OK |
Version: 2.0.3
Check: DESCRIPTION meta-information
Result: NOTE
Missing dependency on R >= 4.2.0 because package code uses the pipe
placeholder syntax added in R 4.2.0.
File(s) using such syntax:
‘utils.R’
Flavors: r-devel-linux-x86_64-debian-clang, r-devel-linux-x86_64-debian-gcc, r-devel-linux-x86_64-fedora-clang, r-devel-linux-x86_64-fedora-gcc, r-devel-windows-x86_64, r-patched-linux-x86_64, r-release-linux-x86_64, r-release-macos-arm64, r-release-macos-x86_64, r-release-windows-x86_64
These binaries (installable software) and packages are in development.
They may not be fully stable and should be used with caution. We make no claims about them.