Last updated on 2025-02-16 10:50:45 CET.
Flavor | Version | Tinstall | Tcheck | Ttotal | Status | Flags |
---|---|---|---|---|---|---|
r-devel-linux-x86_64-debian-clang | 2.0.3 | 4.25 | 61.33 | 65.58 | NOTE | |
r-devel-linux-x86_64-debian-gcc | 2.0.3 | 3.13 | 45.97 | 49.10 | NOTE | |
r-devel-linux-x86_64-fedora-clang | 2.0.3 | 111.62 | NOTE | |||
r-devel-linux-x86_64-fedora-gcc | 2.0.3 | 113.36 | NOTE | |||
r-devel-macos-arm64 | 2.0.3 | 60.00 | OK | |||
r-devel-macos-x86_64 | 2.0.3 | 97.00 | NOTE | |||
r-devel-windows-x86_64 | 2.0.3 | 7.00 | 185.00 | 192.00 | NOTE | |
r-patched-linux-x86_64 | 2.0.3 | 4.50 | 56.55 | 61.05 | OK | |
r-release-linux-x86_64 | 2.0.3 | 4.24 | 57.36 | 61.60 | OK | |
r-release-macos-arm64 | 2.0.3 | 51.00 | OK | |||
r-release-macos-x86_64 | 2.0.3 | 73.00 | OK | |||
r-release-windows-x86_64 | 2.0.3 | 6.00 | 86.00 | 92.00 | OK | |
r-oldrel-macos-arm64 | 2.0.3 | 69.00 | OK | |||
r-oldrel-macos-x86_64 | 2.0.3 | 83.00 | OK | |||
r-oldrel-windows-x86_64 | 2.0.3 | 8.00 | 148.00 | 156.00 | OK |
Version: 2.0.3
Check: DESCRIPTION meta-information
Result: NOTE
Missing dependency on R >= 4.2.0 because package code uses the pipe
placeholder syntax added in R 4.2.0.
File(s) using such syntax:
‘utils.R’
Flavors: r-devel-linux-x86_64-debian-clang, r-devel-linux-x86_64-debian-gcc, r-devel-linux-x86_64-fedora-clang, r-devel-linux-x86_64-fedora-gcc, r-devel-windows-x86_64
Version: 2.0.3
Check: DESCRIPTION meta-information
Result: NOTE
Missing dependency on R >= 4.1.0 because package code uses the pipe
|> or function shorthand \(...) syntax added in R 4.1.0.
File(s) using such syntax:
‘dct_check_col_names.R’ ‘dct_check_mapping.R’
‘dct_check_mapping_strict.R’ ‘dct_check_sci_name.R’
‘dct_check_status_diff.R’ ‘dct_check_tax_status.R’
‘dct_check_taxon_id.R’ ‘dct_modify_row.R’ ‘dct_validate.R’ ‘utils.R’
Flavor: r-devel-macos-x86_64
These binaries (installable software) and packages are in development.
They may not be fully stable and should be used with caution. We make no claims about them.