Last updated on 2025-10-03 15:49:48 CEST.
Flavor | Version | Tinstall | Tcheck | Ttotal | Status | Flags |
---|---|---|---|---|---|---|
r-devel-linux-x86_64-debian-clang | 2.0.3 | 3.62 | 65.01 | 68.63 | NOTE | |
r-devel-linux-x86_64-debian-gcc | 2.0.3 | 3.14 | 48.69 | 51.83 | NOTE | |
r-devel-linux-x86_64-fedora-clang | 2.0.3 | 102.95 | NOTE | |||
r-devel-linux-x86_64-fedora-gcc | 2.0.3 | 113.63 | NOTE | |||
r-devel-windows-x86_64 | 2.0.3 | 7.00 | 86.00 | 93.00 | NOTE | |
r-patched-linux-x86_64 | 2.0.3 | 3.51 | 60.70 | 64.21 | NOTE | |
r-release-linux-x86_64 | 2.0.3 | 3.91 | 60.03 | 63.94 | NOTE | |
r-release-macos-arm64 | 2.0.3 | 72.00 | NOTE | |||
r-release-macos-x86_64 | 2.0.3 | 86.00 | NOTE | |||
r-release-windows-x86_64 | 2.0.3 | 7.00 | 85.00 | 92.00 | NOTE | |
r-oldrel-macos-arm64 | 2.0.3 | 51.00 | OK | |||
r-oldrel-macos-x86_64 | 2.0.3 | 73.00 | OK | |||
r-oldrel-windows-x86_64 | 2.0.3 | 9.00 | 102.00 | 111.00 | OK |
Version: 2.0.3
Check: DESCRIPTION meta-information
Result: NOTE
Missing dependency on R >= 4.2.0 because package code uses the pipe
placeholder syntax added in R 4.2.0.
File(s) using such syntax:
‘utils.R’
Flavors: r-devel-linux-x86_64-debian-clang, r-devel-linux-x86_64-debian-gcc, r-devel-linux-x86_64-fedora-clang, r-devel-linux-x86_64-fedora-gcc, r-devel-windows-x86_64, r-patched-linux-x86_64, r-release-linux-x86_64, r-release-macos-arm64, r-release-macos-x86_64, r-release-windows-x86_64
These binaries (installable software) and packages are in development.
They may not be fully stable and should be used with caution. We make no claims about them.