Last updated on 2025-11-11 17:49:57 CET.
| Flavor | Version | Tinstall | Tcheck | Ttotal | Status | Flags |
|---|---|---|---|---|---|---|
| r-devel-linux-x86_64-debian-clang | 2.0.3 | 3.70 | 65.29 | 68.99 | NOTE | |
| r-devel-linux-x86_64-debian-gcc | 2.0.3 | 3.01 | 49.15 | 52.16 | NOTE | |
| r-devel-linux-x86_64-fedora-clang | 2.0.3 | 103.02 | NOTE | |||
| r-devel-linux-x86_64-fedora-gcc | 2.0.3 | 114.24 | NOTE | |||
| r-devel-windows-x86_64 | 2.0.3 | 8.00 | 84.00 | 92.00 | NOTE | |
| r-patched-linux-x86_64 | 2.0.3 | 4.36 | 59.84 | 64.20 | NOTE | |
| r-release-linux-x86_64 | 2.0.3 | 4.16 | 60.21 | 64.37 | NOTE | |
| r-release-macos-arm64 | 2.0.3 | 2.00 | 70.00 | 72.00 | NOTE | |
| r-release-macos-x86_64 | 2.0.3 | 4.00 | 82.00 | 86.00 | NOTE | |
| r-release-windows-x86_64 | 2.0.3 | 6.00 | 83.00 | 89.00 | NOTE | |
| r-oldrel-macos-arm64 | 2.0.3 | 2.00 | 49.00 | 51.00 | OK | |
| r-oldrel-macos-x86_64 | 2.0.3 | 3.00 | 70.00 | 73.00 | OK | |
| r-oldrel-windows-x86_64 | 2.0.3 | 8.00 | 98.00 | 106.00 | OK |
Version: 2.0.3
Check: DESCRIPTION meta-information
Result: NOTE
Missing dependency on R >= 4.2.0 because package code uses the pipe
placeholder syntax added in R 4.2.0.
File(s) using such syntax:
‘utils.R’
Flavors: r-devel-linux-x86_64-debian-clang, r-devel-linux-x86_64-debian-gcc, r-devel-linux-x86_64-fedora-clang, r-devel-linux-x86_64-fedora-gcc, r-devel-windows-x86_64, r-patched-linux-x86_64, r-release-linux-x86_64, r-release-macos-arm64, r-release-macos-x86_64, r-release-windows-x86_64
These binaries (installable software) and packages are in development.
They may not be fully stable and should be used with caution. We make no claims about them.