Last updated on 2025-05-02 06:49:32 CEST.
Flavor | Version | Tinstall | Tcheck | Ttotal | Status | Flags |
---|---|---|---|---|---|---|
r-devel-linux-x86_64-debian-clang | 1.1 | 6.91 | 45.45 | 52.36 | NOTE | |
r-devel-linux-x86_64-debian-gcc | 1.1 | 4.62 | 31.70 | 36.32 | NOTE | |
r-devel-linux-x86_64-fedora-clang | 1.1 | 82.78 | NOTE | |||
r-devel-linux-x86_64-fedora-gcc | 1.1 | 78.18 | NOTE | |||
r-devel-windows-x86_64 | 1.1 | 9.00 | 67.00 | 76.00 | OK | |
r-patched-linux-x86_64 | 1.1 | 8.30 | 42.53 | 50.83 | OK | |
r-release-linux-x86_64 | OK | |||||
r-release-macos-arm64 | 1.1 | 24.00 | OK | |||
r-release-macos-x86_64 | 1.1 | 43.00 | OK | |||
r-release-windows-x86_64 | 1.1 | 10.00 | 75.00 | 85.00 | OK | |
r-oldrel-macos-arm64 | 1.1 | 27.00 | OK | |||
r-oldrel-macos-x86_64 | 1.1 | 36.00 | OK | |||
r-oldrel-windows-x86_64 | 1.1 | 12.00 | 77.00 | 89.00 | OK |
Version: 1.1
Check: CRAN incoming feasibility
Result: NOTE
Maintainer: ‘Daniel Dalthorp <ddalthorp@protonmail.com>’
The Description field contains
mortality, following Dalthorp, et al. (2022) <arXiv:2201.10064>.
Please refer to arXiv e-prints via their arXiv DOI <doi:10.48550/arXiv.YYMM.NNNNN>.
Flavors: r-devel-linux-x86_64-debian-clang, r-devel-linux-x86_64-debian-gcc
Version: 1.1
Check: dependencies in R code
Result: NOTE
Namespaces in Imports field not imported from:
‘GenEst’ ‘expint’ ‘numDeriv’
All declared Imports should be used.
Flavors: r-devel-linux-x86_64-fedora-clang, r-devel-linux-x86_64-fedora-gcc
These binaries (installable software) and packages are in development.
They may not be fully stable and should be used with caution. We make no claims about them.