Last updated on 2025-10-03 03:50:37 CEST.
Flavor | Version | Tinstall | Tcheck | Ttotal | Status | Flags |
---|---|---|---|---|---|---|
r-devel-linux-x86_64-debian-clang | 1.1.1 | 8.48 | 94.62 | 103.10 | NOTE | |
r-devel-linux-x86_64-debian-gcc | 1.1.1 | 5.28 | 64.13 | 69.41 | NOTE | |
r-devel-linux-x86_64-fedora-clang | 1.1.1 | 172.28 | NOTE | |||
r-devel-linux-x86_64-fedora-gcc | 1.1.1 | 173.95 | NOTE | |||
r-devel-windows-x86_64 | 1.1.1 | 10.00 | 108.00 | 118.00 | NOTE | |
r-patched-linux-x86_64 | 1.1.1 | 8.46 | 86.91 | 95.37 | NOTE | |
r-release-linux-x86_64 | 1.1.1 | 6.53 | 88.18 | 94.71 | NOTE | |
r-release-macos-arm64 | 1.1.1 | 62.00 | NOTE | |||
r-release-macos-x86_64 | 1.1.1 | 100.00 | NOTE | |||
r-release-windows-x86_64 | 1.1.1 | 10.00 | 108.00 | 118.00 | NOTE | |
r-oldrel-macos-arm64 | 1.1.1 | 66.00 | OK | |||
r-oldrel-macos-x86_64 | 1.1.1 | 96.00 | OK | |||
r-oldrel-windows-x86_64 | 1.1.1 | 14.00 | 135.00 | 149.00 | OK |
Version: 1.1.1
Check: DESCRIPTION meta-information
Result: NOTE
Missing dependency on R >= 4.1.0 because package code uses the pipe
|> or function shorthand \(...) syntax added in R 4.1.0.
File(s) using such syntax:
‘getConstraintTests.R’ ‘getInvarCompTable.R’ ‘outputConstraintTab.R’
‘outputInvarCompTab.R’
Flavors: r-devel-linux-x86_64-debian-clang, r-devel-linux-x86_64-debian-gcc, r-devel-linux-x86_64-fedora-clang, r-devel-linux-x86_64-fedora-gcc, r-devel-windows-x86_64, r-patched-linux-x86_64, r-release-linux-x86_64, r-release-macos-arm64, r-release-macos-x86_64, r-release-windows-x86_64
These binaries (installable software) and packages are in development.
They may not be fully stable and should be used with caution. We make no claims about them.