Last updated on 2025-05-01 12:49:26 CEST.
Flavor | Version | Tinstall | Tcheck | Ttotal | Status | Flags |
---|---|---|---|---|---|---|
r-devel-linux-x86_64-debian-clang | 1.1.1 | 9.05 | 92.77 | 101.82 | NOTE | |
r-devel-linux-x86_64-debian-gcc | 1.1.1 | 7.08 | 64.17 | 71.25 | NOTE | |
r-devel-linux-x86_64-fedora-clang | 1.1.1 | 159.46 | NOTE | |||
r-devel-linux-x86_64-fedora-gcc | 1.1.1 | 161.65 | NOTE | |||
r-devel-windows-x86_64 | 1.1.1 | 10.00 | 111.00 | 121.00 | NOTE | |
r-patched-linux-x86_64 | 1.1.1 | 8.61 | 86.32 | 94.93 | NOTE | |
r-release-linux-x86_64 | NOTE | |||||
r-release-macos-arm64 | 1.1.1 | 62.00 | NOTE | |||
r-release-macos-x86_64 | 1.1.1 | 100.00 | NOTE | |||
r-release-windows-x86_64 | 1.1.1 | 9.00 | 117.00 | 126.00 | NOTE | |
r-oldrel-macos-arm64 | 1.1.1 | 66.00 | OK | |||
r-oldrel-macos-x86_64 | 1.1.1 | 96.00 | OK | |||
r-oldrel-windows-x86_64 | 1.1.1 | 12.00 | 134.00 | 146.00 | OK |
Version: 1.1.1
Check: DESCRIPTION meta-information
Result: NOTE
Missing dependency on R >= 4.1.0 because package code uses the pipe
|> or function shorthand \(...) syntax added in R 4.1.0.
File(s) using such syntax:
‘getConstraintTests.R’ ‘getInvarCompTable.R’ ‘outputConstraintTab.R’
‘outputInvarCompTab.R’
Flavors: r-devel-linux-x86_64-debian-clang, r-devel-linux-x86_64-debian-gcc, r-devel-linux-x86_64-fedora-clang, r-devel-linux-x86_64-fedora-gcc, r-devel-windows-x86_64, r-patched-linux-x86_64, r-release-linux-x86_64, r-release-macos-arm64, r-release-macos-x86_64, r-release-windows-x86_64
Version: 1.1.1
Check: examples
Result: NOTE
Examples with CPU (user + system) or elapsed time > 5s
user system elapsed
outputModel 8.053 0.403 10.508
Flavor: r-devel-linux-x86_64-debian-clang
Version: 1.1.1
Check: examples
Result: NA
user system elapsed
outputModel 5.213 0.383 8.794
OK
Flavor: r-devel-linux-x86_64-debian-gcc
These binaries (installable software) and packages are in development.
They may not be fully stable and should be used with caution. We make no claims about them.