CRAN Package Check Results for Package dyads

Last updated on 2025-11-13 17:50:32 CET.

Flavor Version Tinstall Tcheck Ttotal Status Flags
r-devel-linux-x86_64-debian-clang 1.2.1 8.39 64.31 72.70 NOTE
r-devel-linux-x86_64-debian-gcc 1.2.1 4.71 42.18 46.89 NOTE
r-devel-linux-x86_64-fedora-clang 1.2.1 16.00 97.74 113.74 OK
r-devel-linux-x86_64-fedora-gcc 1.2.1 16.00 91.52 107.52 OK
r-devel-windows-x86_64 1.2.1 9.00 71.00 80.00 OK
r-patched-linux-x86_64 1.2.1 8.77 61.76 70.53 OK
r-release-linux-x86_64 1.2.1 7.41 61.33 68.74 OK
r-release-macos-arm64 1.2.1 3.00 31.00 34.00 OK
r-release-macos-x86_64 1.2.1 7.00 55.00 62.00 OK
r-release-windows-x86_64 1.2.1 9.00 68.00 77.00 OK
r-oldrel-macos-arm64 1.2.1 4.00 26.00 30.00 OK
r-oldrel-macos-x86_64 1.2.1 5.00 41.00 46.00 OK
r-oldrel-windows-x86_64 1.2.1 12.00 88.00 100.00 OK

Check Details

Version: 1.2.1
Check: CRAN incoming feasibility
Result: NOTE Maintainer: ‘Bonne J.H. Zijlstra <B.J.H.Zijlstra@uva.nl>’ No Authors@R field in DESCRIPTION. Please add one, modifying Authors@R: person(given = c("Bonne", "J.H."), family = "Zijlstra", role = c("aut", "cre"), email = "B.J.H.Zijlstra@uva.nl") as necessary. Flavors: r-devel-linux-x86_64-debian-clang, r-devel-linux-x86_64-debian-gcc

These binaries (installable software) and packages are in development.
They may not be fully stable and should be used with caution. We make no claims about them.