CRAN Package Check Results for Package dyn

Last updated on 2025-05-01 14:49:08 CEST.

Flavor Version Tinstall Tcheck Ttotal Status Flags
r-devel-linux-x86_64-debian-clang 0.2-9.6 2.25 24.69 26.94 NOTE
r-devel-linux-x86_64-debian-gcc 0.2-9.6 1.90 20.23 22.13 NOTE
r-devel-linux-x86_64-fedora-clang 0.2-9.6 41.54 OK
r-devel-linux-x86_64-fedora-gcc 0.2-9.6 39.91 OK
r-devel-windows-x86_64 0.2-9.6 4.00 47.00 51.00 OK
r-patched-linux-x86_64 0.2-9.6 2.16 24.01 26.17 OK
r-release-linux-x86_64 OK
r-release-macos-arm64 0.2-9.6 20.00 OK
r-release-macos-x86_64 0.2-9.6 29.00 OK
r-release-windows-x86_64 0.2-9.6 4.00 49.00 53.00 OK
r-oldrel-macos-arm64 0.2-9.6 17.00 OK
r-oldrel-macos-x86_64 0.2-9.6 26.00 OK
r-oldrel-windows-x86_64 0.2-9.6 4.00 50.00 54.00 OK

Check Details

Version: 0.2-9.6
Check: CRAN incoming feasibility
Result: NOTE Maintainer: ‘M. Leeds <markleeds2@gmail.com>’ No Authors@R field in DESCRIPTION. Please add one, modifying Authors@R: c(person(given = "G.", family = "Grothendieck", role = "aut"), person(given = "M.", family = "Leeds", role = "cre", email = "markleeds2@gmail.com")) as necessary. Flavors: r-devel-linux-x86_64-debian-clang, r-devel-linux-x86_64-debian-gcc

These binaries (installable software) and packages are in development.
They may not be fully stable and should be used with caution. We make no claims about them.