Last updated on 2025-05-01 08:52:31 CEST.
Flavor | Version | Tinstall | Tcheck | Ttotal | Status | Flags |
---|---|---|---|---|---|---|
r-devel-linux-x86_64-debian-clang | 2.2.9 | 29.63 | 358.22 | 387.85 | NOTE | |
r-devel-linux-x86_64-debian-gcc | 2.2.9 | 18.68 | 237.37 | 256.05 | NOTE | |
r-devel-linux-x86_64-fedora-clang | 2.2.9 | 593.49 | OK | |||
r-devel-linux-x86_64-fedora-gcc | 2.2.9 | 591.34 | OK | |||
r-devel-windows-x86_64 | 2.2.9 | 28.00 | 442.00 | 470.00 | OK | |
r-patched-linux-x86_64 | 2.2.9 | 29.10 | 339.96 | 369.06 | OK | |
r-release-linux-x86_64 | OK | |||||
r-release-macos-arm64 | 2.2.9 | 224.00 | OK | |||
r-release-macos-x86_64 | 2.2.9 | 434.00 | OK | |||
r-release-windows-x86_64 | 2.2.9 | 29.00 | 447.00 | 476.00 | OK | |
r-oldrel-macos-arm64 | 2.2.9 | 210.00 | OK | |||
r-oldrel-macos-x86_64 | 2.2.9 | 317.00 | OK | |||
r-oldrel-windows-x86_64 | 2.2.9 | 39.00 | 612.00 | 651.00 | OK |
Version: 2.2.9
Check: CRAN incoming feasibility
Result: NOTE
Maintainer: ‘Matteo Marcantonio <marcantoniomatteo@gmail.com>’
The BugReports field in DESCRIPTION has
https://github.com/mattmar/dynamAedes
which should likely be
https://github.com/mattmar/dynamAedes/issues
instead.
Flavors: r-devel-linux-x86_64-debian-clang, r-devel-linux-x86_64-debian-gcc
These binaries (installable software) and packages are in development.
They may not be fully stable and should be used with caution. We make no claims about them.