Last updated on 2025-05-02 06:49:32 CEST.
Flavor | Version | Tinstall | Tcheck | Ttotal | Status | Flags |
---|---|---|---|---|---|---|
r-devel-linux-x86_64-debian-clang | 1.3.4 | 9.15 | 257.88 | 267.03 | NOTE | |
r-devel-linux-x86_64-debian-gcc | 1.3.4 | 5.40 | 154.07 | 159.47 | OK | |
r-devel-linux-x86_64-fedora-clang | 1.3.4 | 430.24 | OK | |||
r-devel-linux-x86_64-fedora-gcc | 1.3.4 | 389.21 | OK | |||
r-devel-windows-x86_64 | 1.3.4 | 10.00 | 218.00 | 228.00 | OK | |
r-patched-linux-x86_64 | 1.3.4 | 8.23 | 230.79 | 239.02 | OK | |
r-release-linux-x86_64 | OK | |||||
r-release-macos-arm64 | 1.3.4 | 117.00 | OK | |||
r-release-macos-x86_64 | 1.3.4 | 208.00 | OK | |||
r-release-windows-x86_64 | 1.3.4 | 11.00 | 233.00 | 244.00 | OK | |
r-oldrel-macos-arm64 | 1.3.4 | 110.00 | OK | |||
r-oldrel-macos-x86_64 | 1.3.4 | 327.00 | OK | |||
r-oldrel-windows-x86_64 | 1.3.4 | 13.00 | 293.00 | 306.00 | OK |
Version: 1.3.4
Check: examples
Result: NOTE
Examples with CPU (user + system) or elapsed time > 5s
user system elapsed
spatiotemp_autocorr 7.458 0.202 10.885
Flavor: r-devel-linux-x86_64-debian-clang
These binaries (installable software) and packages are in development.
They may not be fully stable and should be used with caution. We make no claims about them.