Last updated on 2025-05-29 19:51:29 CEST.
Flavor | Version | Tinstall | Tcheck | Ttotal | Status | Flags |
---|---|---|---|---|---|---|
r-devel-linux-x86_64-debian-clang | 1.5.6 | 44.63 | 273.64 | 318.27 | OK | |
r-devel-linux-x86_64-debian-gcc | 1.5.6 | 35.03 | 193.11 | 228.14 | OK | |
r-devel-linux-x86_64-fedora-clang | 1.5.6 | 504.04 | OK | |||
r-devel-linux-x86_64-fedora-gcc | 1.5.6 | 521.07 | OK | |||
r-devel-windows-x86_64 | 1.5.6 | 46.00 | 282.00 | 328.00 | OK | |
r-patched-linux-x86_64 | 1.5.6 | 47.94 | 264.91 | 312.85 | OK | |
r-release-linux-x86_64 | 1.5.6 | 45.21 | 265.92 | 311.13 | OK | |
r-release-macos-arm64 | 1.5.6 | 103.00 | OK | |||
r-release-macos-x86_64 | 1.5.6 | 216.00 | OK | |||
r-release-windows-x86_64 | 1.5.6 | 45.00 | 273.00 | 318.00 | OK | |
r-oldrel-macos-arm64 | 1.5.6 | 123.00 | NOTE | |||
r-oldrel-macos-x86_64 | 1.5.6 | 268.00 | NOTE | |||
r-oldrel-windows-x86_64 | 1.5.6 | 63.00 | 358.00 | 421.00 | NOTE |
Version: 1.5.6
Check: package dependencies
Result: NOTE
Package suggested but not available for checking: ‘cmdstanr’
Flavors: r-oldrel-macos-arm64, r-oldrel-macos-x86_64, r-oldrel-windows-x86_64
Version: 1.5.6
Check: installed package size
Result: NOTE
installed size is 13.0Mb
sub-directories of 1Mb or more:
R 3.6Mb
data 8.0Mb
Flavors: r-oldrel-macos-arm64, r-oldrel-macos-x86_64, r-oldrel-windows-x86_64
These binaries (installable software) and packages are in development.
They may not be fully stable and should be used with caution. We make no claims about them.