Last updated on 2025-02-16 10:50:45 CET.
Flavor | Version | Tinstall | Tcheck | Ttotal | Status | Flags |
---|---|---|---|---|---|---|
r-devel-linux-x86_64-debian-clang | 0.2.3 | 25.25 | 64.53 | 89.78 | NOTE | |
r-devel-linux-x86_64-debian-gcc | 0.2.3 | 18.61 | 49.85 | 68.46 | NOTE | |
r-devel-linux-x86_64-fedora-clang | 0.2.3 | 165.76 | NOTE | |||
r-devel-linux-x86_64-fedora-gcc | 0.2.3 | 175.57 | NOTE | |||
r-devel-macos-arm64 | 0.2.3 | 60.00 | NOTE | |||
r-devel-macos-x86_64 | 0.2.3 | 96.00 | NOTE | |||
r-devel-windows-x86_64 | 0.2.3 | 28.00 | 113.00 | 141.00 | NOTE | |
r-patched-linux-x86_64 | 0.2.3 | 26.27 | 62.73 | 89.00 | NOTE | |
r-release-linux-x86_64 | 0.2.3 | 26.46 | 62.39 | 88.85 | NOTE | |
r-release-macos-arm64 | 0.2.3 | 58.00 | NOTE | |||
r-release-macos-x86_64 | 0.2.3 | 78.00 | NOTE | |||
r-release-windows-x86_64 | 0.2.3 | 28.00 | 111.00 | 139.00 | NOTE | |
r-oldrel-macos-arm64 | 0.2.3 | 70.00 | NOTE | |||
r-oldrel-macos-x86_64 | 0.2.3 | 98.00 | NOTE | |||
r-oldrel-windows-x86_64 | 0.2.3 | 35.00 | 148.00 | 183.00 | NOTE |
Version: 0.2.3
Check: C++ specification
Result: NOTE
Specified C++11: please drop specification unless essential
Flavors: r-devel-linux-x86_64-debian-clang, r-devel-linux-x86_64-debian-gcc, r-devel-linux-x86_64-fedora-clang, r-devel-linux-x86_64-fedora-gcc, r-devel-macos-arm64, r-devel-macos-x86_64, r-devel-windows-x86_64, r-patched-linux-x86_64, r-release-linux-x86_64, r-release-macos-arm64, r-release-macos-x86_64, r-release-windows-x86_64, r-oldrel-macos-arm64, r-oldrel-macos-x86_64, r-oldrel-windows-x86_64
These binaries (installable software) and packages are in development.
They may not be fully stable and should be used with caution. We make no claims about them.