CRAN Package Check Results for Package dyndimred

Last updated on 2025-05-01 14:49:08 CEST.

Flavor Version Tinstall Tcheck Ttotal Status Flags
r-devel-linux-x86_64-debian-clang 1.0.4 9.41 96.41 105.82 NOTE
r-devel-linux-x86_64-debian-gcc 1.0.4 6.19 73.81 80.00 NOTE
r-devel-linux-x86_64-fedora-clang 1.0.4 182.74 OK
r-devel-linux-x86_64-fedora-gcc 1.0.4 173.10 OK
r-devel-windows-x86_64 1.0.4 10.00 113.00 123.00 OK
r-patched-linux-x86_64 1.0.4 8.57 93.34 101.91 OK
r-release-linux-x86_64 OK
r-release-macos-arm64 1.0.4 55.00 OK
r-release-macos-x86_64 1.0.4 104.00 OK
r-release-windows-x86_64 1.0.4 10.00 113.00 123.00 OK
r-oldrel-macos-arm64 1.0.4 53.00 NOTE
r-oldrel-macos-x86_64 1.0.4 81.00 NOTE
r-oldrel-windows-x86_64 1.0.4 12.00 133.00 145.00 NOTE

Check Details

Version: 1.0.4
Check: DESCRIPTION meta-information
Result: NOTE Author field differs from that derived from Authors@R Author: ‘Robrecht Cannoodt [aut, cre] (<https://orcid.org/0000-0003-3641-729X>, rcannood), Wouter Saelens [aut] (<https://orcid.org/0000-0002-7114-6248>, zouter)’ Authors@R: ‘Robrecht Cannoodt [aut, cre] (ORCID: <https://orcid.org/0000-0003-3641-729X>, github: rcannood), Wouter Saelens [aut] (ORCID: <https://orcid.org/0000-0002-7114-6248>, github: zouter)’ Flavors: r-devel-linux-x86_64-debian-clang, r-devel-linux-x86_64-debian-gcc

Version: 1.0.4
Check: package dependencies
Result: NOTE Package suggested but not available for checking: ‘lle’ Flavors: r-oldrel-macos-arm64, r-oldrel-macos-x86_64, r-oldrel-windows-x86_64

Version: 1.0.4
Check: LazyData
Result: NOTE 'LazyData' is specified without a 'data' directory Flavors: r-oldrel-macos-arm64, r-oldrel-macos-x86_64, r-oldrel-windows-x86_64

These binaries (installable software) and packages are in development.
They may not be fully stable and should be used with caution. We make no claims about them.