CRAN Package Check Results for Package dynpanel

Last updated on 2025-05-07 22:48:26 CEST.

Flavor Version Tinstall Tcheck Ttotal Status Flags
r-devel-linux-x86_64-debian-clang 0.1.0 1.91 23.67 25.58 NOTE
r-devel-linux-x86_64-debian-gcc 0.1.0 1.37 18.24 19.61 NOTE
r-devel-linux-x86_64-fedora-clang 0.1.0 40.20 NOTE
r-devel-linux-x86_64-fedora-gcc 0.1.0 38.84 NOTE
r-devel-windows-x86_64 0.1.0 4.00 43.00 47.00 NOTE
r-patched-linux-x86_64 0.1.0 2.03 22.83 24.86 NOTE
r-release-linux-x86_64 0.1.0 1.78 22.74 24.52 NOTE
r-release-macos-arm64 0.1.0 16.00 NOTE
r-release-macos-x86_64 0.1.0 26.00 NOTE
r-release-windows-x86_64 0.1.0 4.00 46.00 50.00 NOTE
r-oldrel-macos-arm64 0.1.0 15.00 NOTE
r-oldrel-macos-x86_64 0.1.0 23.00 NOTE
r-oldrel-windows-x86_64 0.1.0 3.00 47.00 50.00 NOTE

Check Details

Version: 0.1.0
Check: CRAN incoming feasibility
Result: NOTE Maintainer: ‘Taha Zaghdoudi <zedtaha@gmail.com>’ No Authors@R field in DESCRIPTION. Please add one, modifying Authors@R: person(given = "Taha", family = "Zaghdoudi", role = c("aut", "cre"), email = "zedtaha@gmail.com") as necessary. Flavors: r-devel-linux-x86_64-debian-clang, r-devel-linux-x86_64-debian-gcc

Version: 0.1.0
Check: Rd files
Result: NOTE checkRd: (-1) Produc.Rd:13: Lost braces in \itemize; meant \describe ? checkRd: (-1) Produc.Rd:14: Lost braces in \itemize; meant \describe ? checkRd: (-1) Produc.Rd:15: Lost braces in \itemize; meant \describe ? checkRd: (-1) Produc.Rd:16: Lost braces in \itemize; meant \describe ? checkRd: (-1) Produc.Rd:17: Lost braces in \itemize; meant \describe ? checkRd: (-1) Produc.Rd:18: Lost braces in \itemize; meant \describe ? checkRd: (-1) Produc.Rd:19: Lost braces in \itemize; meant \describe ? checkRd: (-1) Produc.Rd:20: Lost braces in \itemize; meant \describe ? checkRd: (-1) Produc.Rd:21: Lost braces in \itemize; meant \describe ? checkRd: (-1) Produc.Rd:22: Lost braces in \itemize; meant \describe ? Flavors: r-devel-linux-x86_64-debian-clang, r-devel-linux-x86_64-debian-gcc, r-devel-linux-x86_64-fedora-clang, r-devel-linux-x86_64-fedora-gcc, r-devel-windows-x86_64, r-patched-linux-x86_64, r-release-linux-x86_64, r-release-macos-arm64, r-release-macos-x86_64, r-release-windows-x86_64, r-oldrel-macos-arm64, r-oldrel-macos-x86_64, r-oldrel-windows-x86_64

These binaries (installable software) and packages are in development.
They may not be fully stable and should be used with caution. We make no claims about them.