Last updated on 2025-02-23 07:51:51 CET.
Flavor | Version | Tinstall | Tcheck | Ttotal | Status | Flags |
---|---|---|---|---|---|---|
r-devel-linux-x86_64-debian-clang | 1.0.2 | 10.37 | 88.73 | 99.10 | OK | |
r-devel-linux-x86_64-debian-gcc | 1.0.2 | 6.90 | 59.39 | 66.29 | OK | |
r-devel-linux-x86_64-fedora-clang | 1.0.2 | 149.69 | OK | |||
r-devel-linux-x86_64-fedora-gcc | 1.0.2 | 137.84 | OK | |||
r-devel-macos-arm64 | 1.0.2 | 44.00 | OK | |||
r-devel-macos-x86_64 | 1.0.2 | 86.00 | OK | |||
r-devel-windows-x86_64 | 1.0.2 | 11.00 | 98.00 | 109.00 | OK | |
r-patched-linux-x86_64 | 1.0.2 | 7.78 | 77.48 | 85.26 | NOTE | |
r-release-linux-x86_64 | 1.0.2 | 6.73 | 77.09 | 83.82 | NOTE | |
r-release-macos-arm64 | 1.0.2 | 44.00 | NOTE | |||
r-release-macos-x86_64 | 1.0.2 | 66.00 | NOTE | |||
r-release-windows-x86_64 | 1.0.2 | 11.00 | 90.00 | 101.00 | NOTE | |
r-oldrel-macos-arm64 | 1.0.2 | 46.00 | NOTE | |||
r-oldrel-macos-x86_64 | 1.0.2 | 76.00 | NOTE | |||
r-oldrel-windows-x86_64 | 1.0.2 | 13.00 | 112.00 | 125.00 | NOTE |
Version: 1.0.2
Check: LazyData
Result: NOTE
'LazyData' is specified without a 'data' directory
Flavors: r-patched-linux-x86_64, r-release-linux-x86_64, r-release-macos-arm64, r-release-macos-x86_64, r-release-windows-x86_64, r-oldrel-macos-arm64, r-oldrel-macos-x86_64, r-oldrel-windows-x86_64
These binaries (installable software) and packages are in development.
They may not be fully stable and should be used with caution. We make no claims about them.