CRAN Package Check Results for Package dynprog

Last updated on 2025-05-01 12:49:26 CEST.

Flavor Version Tinstall Tcheck Ttotal Status Flags
r-devel-linux-x86_64-debian-clang 0.1.1 1.63 32.50 34.13 NOTE
r-devel-linux-x86_64-debian-gcc 0.1.1 1.30 24.30 25.60 NOTE
r-devel-linux-x86_64-fedora-clang 0.1.1 50.78 OK
r-devel-linux-x86_64-fedora-gcc 0.1.1 48.52 OK
r-devel-windows-x86_64 0.1.1 3.00 52.00 55.00 OK
r-patched-linux-x86_64 0.1.1 1.67 29.12 30.79 OK
r-release-linux-x86_64 OK
r-release-macos-arm64 0.1.1 23.00 OK
r-release-macos-x86_64 0.1.1 31.00 OK
r-release-windows-x86_64 0.1.1 4.00 57.00 61.00 OK
r-oldrel-macos-arm64 0.1.1 18.00 NOTE
r-oldrel-macos-x86_64 0.1.1 27.00 NOTE
r-oldrel-windows-x86_64 0.1.1 2.00 52.00 54.00 NOTE

Check Details

Version: 0.1.1
Check: CRAN incoming feasibility
Result: NOTE Maintainer: ‘Thomas Mailund <mailund@birc.au.dk>’ Package CITATION file contains call(s) to old-style personList() or as.personList(). Please use c() on person objects instead. Package CITATION file contains call(s) to old-style citEntry(). Please use bibentry() instead. Flavors: r-devel-linux-x86_64-debian-clang, r-devel-linux-x86_64-debian-gcc

Version: 0.1.1
Check: LazyData
Result: NOTE 'LazyData' is specified without a 'data' directory Flavors: r-oldrel-macos-arm64, r-oldrel-macos-x86_64, r-oldrel-windows-x86_64

These binaries (installable software) and packages are in development.
They may not be fully stable and should be used with caution. We make no claims about them.