Last updated on 2025-05-01 14:49:08 CEST.
Flavor | Version | Tinstall | Tcheck | Ttotal | Status | Flags |
---|---|---|---|---|---|---|
r-devel-linux-x86_64-debian-clang | 0.1.16-105 | 33.09 | 190.56 | 223.65 | NOTE | |
r-devel-linux-x86_64-debian-gcc | 0.1.16-105 | 23.66 | 134.05 | 157.71 | NOTE | |
r-devel-linux-x86_64-fedora-clang | 0.1.16-105 | 336.01 | OK | |||
r-devel-linux-x86_64-fedora-gcc | 0.1.16-105 | 335.75 | OK | |||
r-devel-windows-x86_64 | 0.1.16-105 | 59.00 | 236.00 | 295.00 | NOTE | |
r-patched-linux-x86_64 | 0.1.16-105 | 32.63 | 178.06 | 210.69 | NOTE | |
r-release-linux-x86_64 | NOTE | |||||
r-release-macos-arm64 | 0.1.16-105 | 113.00 | OK | |||
r-release-macos-x86_64 | 0.1.16-105 | 198.00 | OK | |||
r-release-windows-x86_64 | 0.1.16-105 | 61.00 | 238.00 | 299.00 | NOTE | |
r-oldrel-macos-arm64 | 0.1.16-105 | 129.00 | NOTE | |||
r-oldrel-macos-x86_64 | 0.1.16-105 | 180.00 | NOTE | |||
r-oldrel-windows-x86_64 | 0.1.16-105 | 69.00 | 271.00 | 340.00 | NOTE |
Version: 0.1.16-105
Check: Rd cross-references
Result: NOTE
Found the following Rd file(s) with Rd \link{} targets missing package
anchors:
dynr.cook.Rd: autoplot
Please provide package anchors for all Rd \link{} targets not in the
package itself and the base packages.
Flavors: r-devel-linux-x86_64-debian-clang, r-devel-linux-x86_64-debian-gcc, r-devel-windows-x86_64, r-patched-linux-x86_64, r-release-linux-x86_64, r-release-windows-x86_64
Version: 0.1.16-105
Check: installed package size
Result: NOTE
installed size is 7.9Mb
sub-directories of 1Mb or more:
data 2.5Mb
doc 1.4Mb
libs 2.9Mb
Flavors: r-oldrel-macos-arm64, r-oldrel-macos-x86_64, r-oldrel-windows-x86_64
These binaries (installable software) and packages are in development.
They may not be fully stable and should be used with caution. We make no claims about them.