Last updated on 2025-10-23 17:50:46 CEST.
Flavor | Version | Tinstall | Tcheck | Ttotal | Status | Flags |
---|---|---|---|---|---|---|
r-devel-linux-x86_64-debian-clang | 0.1.16-114 | 37.02 | 212.89 | 249.91 | NOTE | |
r-devel-linux-x86_64-debian-gcc | 0.1.16-114 | 22.89 | 151.64 | 174.53 | OK | |
r-devel-linux-x86_64-fedora-clang | 0.1.16-114 | 119.00 | 259.89 | 378.89 | OK | |
r-devel-linux-x86_64-fedora-gcc | 0.1.16-114 | 68.00 | 292.39 | 360.39 | OK | |
r-devel-windows-x86_64 | 0.1.16-114 | 63.00 | 235.00 | 298.00 | OK | |
r-patched-linux-x86_64 | 0.1.16-114 | 32.98 | 201.30 | 234.28 | OK | |
r-release-linux-x86_64 | 0.1.16-114 | 32.58 | 200.73 | 233.31 | OK | |
r-release-macos-arm64 | 0.1.16-114 | 19.00 | 90.00 | 109.00 | OK | |
r-release-macos-x86_64 | 0.1.16-114 | 36.00 | 156.00 | 192.00 | OK | |
r-release-windows-x86_64 | 0.1.16-114 | 60.00 | 244.00 | 304.00 | OK | |
r-oldrel-macos-arm64 | 0.1.16-114 | 18.00 | 121.00 | 139.00 | NOTE | |
r-oldrel-macos-x86_64 | 0.1.16-114 | 34.00 | 198.00 | 232.00 | NOTE | |
r-oldrel-windows-x86_64 | 0.1.16-114 | 74.00 | 286.00 | 360.00 | NOTE |
Version: 0.1.16-114
Check: HTML version of manual
Result: NOTE
Found the following HTML validation problems:
names-dynrCook-method.html:47:1 (names-dynrCook-method.Rd:11): Warning: missing </ul> before </div>
names-dynrModel-method.html:47:1 (names-dynrModel-method.Rd:11): Warning: missing </ul> before </div>
Flavor: r-devel-linux-x86_64-debian-clang
Version: 0.1.16-114
Check: installed package size
Result: NOTE
installed size is 8.0Mb
sub-directories of 1Mb or more:
data 2.5Mb
doc 1.4Mb
libs 2.9Mb
Flavors: r-oldrel-macos-arm64, r-oldrel-macos-x86_64, r-oldrel-windows-x86_64
These binaries (installable software) and packages are in development.
They may not be fully stable and should be used with caution. We make no claims about them.