Last updated on 2025-02-19 16:50:47 CET.
Flavor | Version | Tinstall | Tcheck | Ttotal | Status | Flags |
---|---|---|---|---|---|---|
r-devel-linux-x86_64-debian-clang | 0.4-7 | 36.51 | 80.24 | 116.75 | OK | |
r-devel-linux-x86_64-debian-gcc | 0.4-7 | 27.37 | 57.01 | 84.38 | OK | |
r-devel-linux-x86_64-fedora-clang | 0.4-7 | 182.25 | OK | |||
r-devel-linux-x86_64-fedora-gcc | 0.4-7 | 183.68 | OK | |||
r-devel-macos-arm64 | 0.4-7 | 55.00 | OK | |||
r-devel-macos-x86_64 | 0.4-7 | 127.00 | OK | |||
r-devel-windows-x86_64 | 0.4-7 | 37.00 | 109.00 | 146.00 | OK | |
r-patched-linux-x86_64 | 0.4-7 | 35.52 | 71.43 | 106.95 | OK | |
r-release-linux-x86_64 | 0.4-7 | 37.18 | 71.57 | 108.75 | OK | |
r-release-macos-arm64 | 0.4-7 | 57.00 | NOTE | |||
r-release-macos-x86_64 | 0.4-7 | 151.00 | NOTE | |||
r-release-windows-x86_64 | 0.4-7 | 35.00 | 109.00 | 144.00 | WARN | |
r-oldrel-macos-arm64 | 0.4-7 | 66.00 | NOTE | |||
r-oldrel-macos-x86_64 | 0.4-7 | 101.00 | NOTE | |||
r-oldrel-windows-x86_64 | 0.4-7 | 44.00 | 150.00 | 194.00 | OK |
Version: 0.4-7
Check: installed package size
Result: NOTE
installed size is 5.6Mb
sub-directories of 1Mb or more:
libs 5.4Mb
Flavors: r-release-macos-arm64, r-release-macos-x86_64, r-oldrel-macos-arm64, r-oldrel-macos-x86_64
Version: 0.4-7
Check: package subdirectories
Result: WARN
Invalid citation information in 'inst/CITATION':
During startup - Warning message:
In read.table(file = file, header = header, sep = sep, quote = quote, :
cols = 6 != length(data) = 7
Flavor: r-release-windows-x86_64
Version: 0.4-7
Check: S3 generic/method consistency
Result: WARN
During startup - Warning message:
In read.table(file = file, header = header, sep = sep, quote = quote, :
cols = 6 != length(data) = 7
See section 'Generic functions and methods' in the 'Writing R
Extensions' manual.
Flavor: r-release-windows-x86_64
Version: 0.4-7
Check: replacement functions
Result: WARN
During startup - Warning message:
In read.table(file = file, header = header, sep = sep, quote = quote, :
cols = 6 != length(data) = 7
The argument of a replacement function which corresponds to the right
hand side must be named 'value'.
Flavor: r-release-windows-x86_64
Version: 0.4-7
Check: foreign function calls
Result: NOTE
During startup - Warning message:
In read.table(file = file, header = header, sep = sep, quote = quote, :
cols = 6 != length(data) = 7
See chapter 'System and foreign language interfaces' in the 'Writing R
Extensions' manual.
Flavor: r-release-windows-x86_64
Version: 0.4-7
Check: R code for possible problems
Result: NOTE
During startup - Warning message:
In read.table(file = file, header = header, sep = sep, quote = quote, :
cols = 6 != length(data) = 7
During startup - Warning message:
In read.table(file = file, header = header, sep = sep, quote = quote, :
cols = 6 != length(data) = 7
Warning in read.table(file = file, header = header, sep = sep, quote = quote, :
cols = 6 != length(data) = 7
Flavor: r-release-windows-x86_64
Version: 0.4-7
Check: Rd files
Result: WARN
During startup - Warning message:
In read.table(file = file, header = header, sep = sep, quote = quote, :
cols = 6 != length(data) = 7
Flavor: r-release-windows-x86_64
Version: 0.4-7
Check: Rd cross-references
Result: WARN
Warning in read.table(file = file, header = header, sep = sep, quote = quote, :
cols = 6 != length(data) = 7
Flavor: r-release-windows-x86_64
Version: 0.4-7
Check: for missing documentation entries
Result: WARN
During startup - Warning message:
In read.table(file = file, header = header, sep = sep, quote = quote, :
cols = 6 != length(data) = 7
All user-level objects in a package should have documentation entries.
See chapter 'Writing R documentation files' in the 'Writing R
Extensions' manual.
Flavor: r-release-windows-x86_64
These binaries (installable software) and packages are in development.
They may not be fully stable and should be used with caution. We make no claims about them.