Last updated on 2025-05-22 09:51:38 CEST.
Flavor | Version | Tinstall | Tcheck | Ttotal | Status | Flags |
---|---|---|---|---|---|---|
r-devel-linux-x86_64-debian-clang | 0.4-7 | 34.89 | 86.50 | 121.39 | OK | |
r-devel-linux-x86_64-debian-gcc | 0.4-7 | 27.43 | 60.40 | 87.83 | OK | |
r-devel-linux-x86_64-fedora-clang | 0.4-7 | 189.66 | OK | |||
r-devel-linux-x86_64-fedora-gcc | 0.4-7 | 198.26 | OK | |||
r-devel-windows-x86_64 | 0.4-7 | 40.00 | 112.00 | 152.00 | OK | |
r-patched-linux-x86_64 | 0.4-7 | 35.85 | 78.84 | 114.69 | OK | |
r-release-linux-x86_64 | 0.4-7 | 36.56 | 78.44 | 115.00 | OK | |
r-release-macos-arm64 | 0.4-7 | 72.00 | OK | |||
r-release-macos-x86_64 | 0.4-7 | 115.00 | OK | |||
r-release-windows-x86_64 | 0.4-7 | 42.00 | 115.00 | 157.00 | OK | |
r-oldrel-macos-arm64 | 0.4-7 | 57.00 | NOTE | |||
r-oldrel-macos-x86_64 | 0.4-7 | 151.00 | NOTE | |||
r-oldrel-windows-x86_64 | 0.4-7 | 44.00 | 136.00 | 180.00 | OK |
Version: 0.4-7
Check: installed package size
Result: NOTE
installed size is 5.6Mb
sub-directories of 1Mb or more:
libs 5.4Mb
Flavors: r-oldrel-macos-arm64, r-oldrel-macos-x86_64
These binaries (installable software) and packages are in development.
They may not be fully stable and should be used with caution. We make no claims about them.