CRAN Package Check Results for Package dyntaper

Last updated on 2025-11-22 19:50:27 CET.

Flavor Version Tinstall Tcheck Ttotal Status Flags
r-devel-linux-x86_64-debian-clang 1.1 1.63 32.66 34.29 NOTE
r-devel-linux-x86_64-debian-gcc 1.1 1.46 26.33 27.79 NOTE
r-devel-linux-x86_64-fedora-clang 1.1 50.62 OK
r-devel-linux-x86_64-fedora-gcc 1.1 61.08 OK
r-devel-windows-x86_64 1.1 5.00 68.00 73.00 OK
r-patched-linux-x86_64 1.1 1.74 30.69 32.43 OK
r-release-linux-x86_64 1.1 1.76 30.96 32.72 OK
r-release-macos-arm64 1.1 OK
r-release-macos-x86_64 1.1 2.00 46.00 48.00 OK
r-release-windows-x86_64 1.1 4.00 75.00 79.00 OK
r-oldrel-macos-arm64 1.1 OK
r-oldrel-macos-x86_64 1.1 2.00 67.00 69.00 OK
r-oldrel-windows-x86_64 1.1 3.00 70.00 73.00 OK

Check Details

Version: 1.1
Check: CRAN incoming feasibility
Result: NOTE Maintainer: ‘Oscar Garcia <garcia@dasometrics.net>’ Package CITATION file contains call(s) to old-style personList() or as.personList(). Please use c() on person objects instead. Package CITATION file contains call(s) to old-style citEntry(). Please use bibentry() instead. Flavors: r-devel-linux-x86_64-debian-clang, r-devel-linux-x86_64-debian-gcc

These binaries (installable software) and packages are in development.
They may not be fully stable and should be used with caution. We make no claims about them.