Last updated on 2025-05-23 01:50:54 CEST.
Flavor | Version | Tinstall | Tcheck | Ttotal | Status | Flags |
---|---|---|---|---|---|---|
r-devel-linux-x86_64-debian-clang | 1.0.11 | 22.44 | 154.70 | 177.14 | NOTE | |
r-devel-linux-x86_64-debian-gcc | 1.0.11 | 15.67 | 112.90 | 128.57 | NOTE | |
r-devel-linux-x86_64-fedora-clang | 1.0.11 | 288.51 | OK | |||
r-devel-linux-x86_64-fedora-gcc | 1.0.11 | 312.61 | OK | |||
r-devel-windows-x86_64 | 1.0.11 | 26.00 | 167.00 | 193.00 | NOTE | |
r-patched-linux-x86_64 | 1.0.11 | 22.25 | 158.87 | 181.12 | NOTE | |
r-release-linux-x86_64 | 1.0.11 | 21.92 | 157.61 | 179.53 | NOTE | |
r-release-macos-arm64 | 1.0.11 | 126.00 | OK | |||
r-release-macos-x86_64 | 1.0.11 | 207.00 | OK | |||
r-release-windows-x86_64 | 1.0.11 | 26.00 | 170.00 | 196.00 | NOTE | |
r-oldrel-macos-arm64 | 1.0.11 | 79.00 | OK | |||
r-oldrel-macos-x86_64 | 1.0.11 | 198.00 | OK | |||
r-oldrel-windows-x86_64 | 1.0.11 | 34.00 | 214.00 | 248.00 | OK |
Version: 1.0.11
Check: DESCRIPTION meta-information
Result: NOTE
Author field differs from that derived from Authors@R
Author: ‘Robrecht Cannoodt [aut, cre] (<https://orcid.org/0000-0003-3641-729X>, rcannood), Wouter Saelens [aut] (<https://orcid.org/0000-0002-7114-6248>, zouter)’
Authors@R: ‘Robrecht Cannoodt [aut, cre] (ORCID: <https://orcid.org/0000-0003-3641-729X>, github: rcannood), Wouter Saelens [aut] (ORCID: <https://orcid.org/0000-0002-7114-6248>, github: zouter)’
Flavors: r-devel-linux-x86_64-debian-clang, r-devel-linux-x86_64-debian-gcc
Version: 1.0.11
Check: Rd cross-references
Result: NOTE
Found the following Rd file(s) with Rd \link{} targets missing package
anchors:
mapdf.Rd: map
Please provide package anchors for all Rd \link{} targets not in the
package itself and the base packages.
Flavors: r-devel-linux-x86_64-debian-clang, r-devel-linux-x86_64-debian-gcc, r-devel-windows-x86_64, r-patched-linux-x86_64, r-release-linux-x86_64, r-release-windows-x86_64
These binaries (installable software) and packages are in development.
They may not be fully stable and should be used with caution. We make no claims about them.