Last updated on 2025-07-27 01:48:20 CEST.
Flavor | Version | Tinstall | Tcheck | Ttotal | Status | Flags |
---|---|---|---|---|---|---|
r-devel-linux-x86_64-debian-clang | 4.17 | 38.22 | 76.84 | 115.06 | NOTE | |
r-devel-linux-x86_64-debian-gcc | 4.17 | 25.17 | 56.91 | 82.08 | NOTE | |
r-devel-linux-x86_64-fedora-clang | 4.17 | 194.70 | OK | |||
r-devel-linux-x86_64-fedora-gcc | 4.17 | 182.59 | OK | |||
r-devel-windows-x86_64 | 4.17 | 44.00 | 111.00 | 155.00 | OK | |
r-patched-linux-x86_64 | 4.17 | 35.30 | 74.14 | 109.44 | OK | |
r-release-linux-x86_64 | 4.17 | 35.26 | 74.99 | 110.25 | OK | |
r-release-macos-arm64 | 4.17 | 54.00 | OK | |||
r-release-macos-x86_64 | 4.17 | 136.00 | OK | |||
r-release-windows-x86_64 | 4.17 | 43.00 | 103.00 | 146.00 | OK | |
r-oldrel-macos-arm64 | 4.17 | 50.00 | OK | |||
r-oldrel-macos-x86_64 | 4.17 | 71.00 | OK | |||
r-oldrel-windows-x86_64 | 4.17 | 53.00 | 135.00 | 188.00 | OK |
Version: 4.17
Check: CRAN incoming feasibility
Result: NOTE
Maintainer: ‘Francisco Rosales <francisco.rosales-marticorena@protonmail.com>’
No Authors@R field in DESCRIPTION.
Please add one, modifying
Authors@R: c(person(given = "Francisco",
family = "Rosales",
role = c("aut", "cre"),
email = "francisco.rosales-marticorena@protonmail.com"),
person(given = "Tatyana",
family = "Krivobokova",
role = "aut"),
person(given = "Paulo",
family = "Serra.",
role = "aut"))
as necessary.
The Description field contains
and "Klockmann" (2021) <arXiv:1812.06948> for details.
Please refer to arXiv e-prints via their arXiv DOI <doi:10.48550/arXiv.YYMM.NNNNN>.
Flavors: r-devel-linux-x86_64-debian-clang, r-devel-linux-x86_64-debian-gcc
These binaries (installable software) and packages are in development.
They may not be fully stable and should be used with caution. We make no claims about them.