Last updated on 2025-02-16 12:53:33 CET.
Flavor | Version | Tinstall | Tcheck | Ttotal | Status | Flags |
---|---|---|---|---|---|---|
r-devel-linux-x86_64-debian-clang | 1.5-3 | 78.59 | 30.31 | 108.90 | NOTE | |
r-devel-linux-x86_64-debian-gcc | 1.5-3 | 57.14 | 23.34 | 80.48 | NOTE | |
r-devel-linux-x86_64-fedora-clang | 1.5-3 | 214.53 | OK | |||
r-devel-linux-x86_64-fedora-gcc | 1.5-3 | 199.41 | OK | |||
r-devel-macos-arm64 | 1.5-3 | 41.00 | OK | |||
r-devel-macos-x86_64 | 1.5-3 | 55.00 | OK | |||
r-devel-windows-x86_64 | 1.5-3 | 83.00 | 78.00 | 161.00 | NOTE | |
r-patched-linux-x86_64 | 1.5-3 | 76.01 | 28.25 | 104.26 | OK | |
r-release-linux-x86_64 | 1.5-3 | 76.84 | 28.69 | 105.53 | OK | |
r-release-macos-arm64 | 1.5-3 | 43.00 | OK | |||
r-release-macos-x86_64 | 1.5-3 | 49.00 | OK | |||
r-release-windows-x86_64 | 1.5-3 | 83.00 | 83.00 | 166.00 | OK | |
r-oldrel-macos-arm64 | 1.5-3 | 54.00 | OK | |||
r-oldrel-macos-x86_64 | 1.5-3 | 86.00 | OK | |||
r-oldrel-windows-x86_64 | 1.5-3 | 99.00 | 82.00 | 181.00 | OK |
Version: 1.5-3
Check: Rd cross-references
Result: NOTE
Found the following Rd file(s) with Rd \link{} targets missing package
anchors:
USData.Rd: xts
USRecessions.Rd: zoo
Please provide package anchors for all Rd \link{} targets not in the
package itself and the base packages.
Flavors: r-devel-linux-x86_64-debian-clang, r-devel-linux-x86_64-debian-gcc, r-devel-windows-x86_64
These binaries (installable software) and packages are in development.
They may not be fully stable and should be used with caution. We make no claims about them.