Last updated on 2025-11-27 13:48:34 CET.
| Flavor | Version | Tinstall | Tcheck | Ttotal | Status | Flags |
|---|---|---|---|---|---|---|
| r-devel-linux-x86_64-debian-clang | 0.3.3 | 459.20 | 148.03 | 607.23 | OK | |
| r-devel-linux-x86_64-debian-gcc | 0.3.3 | 398.47 | 141.16 | 539.63 | OK | |
| r-devel-linux-x86_64-fedora-clang | 0.3.3 | 840.00 | 98.16 | 938.16 | OK | |
| r-devel-linux-x86_64-fedora-gcc | 0.3.3 | 1320.00 | -52.22 | 1267.78 | OK | |
| r-devel-windows-x86_64 | 0.3.3 | 518.00 | 192.00 | 710.00 | OK | |
| r-patched-linux-x86_64 | 0.3.3 | 565.18 | 187.80 | 752.98 | OK | |
| r-release-linux-x86_64 | 0.3.3 | 557.41 | 187.36 | 744.77 | OK | |
| r-release-macos-arm64 | 0.3.3 | OK | ||||
| r-release-macos-x86_64 | 0.3.3 | 179.00 | 81.00 | 260.00 | OK | |
| r-release-windows-x86_64 | 0.3.3 | 520.00 | 191.00 | 711.00 | OK | |
| r-oldrel-macos-arm64 | 0.3.3 | NOTE | ||||
| r-oldrel-macos-x86_64 | 0.3.3 | 168.00 | 81.00 | 249.00 | NOTE | |
| r-oldrel-windows-x86_64 | 0.3.3 | 587.00 | 244.00 | 831.00 | NOTE |
Version: 0.3.3
Check: installed package size
Result: NOTE
installed size is 95.4Mb
sub-directories of 1Mb or more:
help 2.7Mb
libs 92.3Mb
Flavors: r-oldrel-macos-arm64, r-oldrel-macos-x86_64, r-oldrel-windows-x86_64
Version: 0.3.3
Check: for GNU extensions in Makefiles
Result: NOTE
GNU make is a SystemRequirements.
Flavors: r-oldrel-macos-arm64, r-oldrel-macos-x86_64, r-oldrel-windows-x86_64
These binaries (installable software) and packages are in development.
They may not be fully stable and should be used with caution. We make no claims about them.