Last updated on 2025-02-16 10:50:45 CET.
Flavor | Version | Tinstall | Tcheck | Ttotal | Status | Flags |
---|---|---|---|---|---|---|
r-devel-linux-x86_64-debian-clang | 0.3.1 | 452.01 | 128.63 | 580.64 | OK | |
r-devel-linux-x86_64-debian-gcc | 0.3.1 | 417.45 | 129.05 | 546.50 | OK | |
r-devel-linux-x86_64-fedora-clang | 0.3.1 | 988.06 | OK | |||
r-devel-linux-x86_64-fedora-gcc | 0.3.1 | 1337.42 | OK | |||
r-devel-macos-arm64 | 0.3.1 | 244.00 | OK | |||
r-devel-macos-x86_64 | 0.3.1 | 373.00 | OK | |||
r-devel-windows-x86_64 | 0.3.1 | 430.00 | 174.00 | 604.00 | OK | |
r-patched-linux-x86_64 | 0.3.1 | 555.98 | 167.41 | 723.39 | NOTE | |
r-release-linux-x86_64 | 0.3.1 | 557.08 | 167.53 | 724.61 | NOTE | |
r-release-macos-arm64 | 0.3.1 | 126.00 | NOTE | |||
r-release-macos-x86_64 | 0.3.1 | 128.00 | NOTE | |||
r-release-windows-x86_64 | 0.3.1 | 432.00 | 174.00 | 606.00 | NOTE | |
r-oldrel-macos-arm64 | 0.2 | 605.00 | NOTE | |||
r-oldrel-macos-x86_64 | 0.3.1 | 320.00 | NOTE | |||
r-oldrel-windows-x86_64 | 0.3.1 | 599.00 | 215.00 | 814.00 | NOTE |
Version: 0.3.1
Check: for GNU extensions in Makefiles
Result: NOTE
GNU make is a SystemRequirements.
Flavors: r-patched-linux-x86_64, r-release-linux-x86_64, r-release-macos-arm64, r-release-macos-x86_64, r-release-windows-x86_64, r-oldrel-macos-x86_64, r-oldrel-windows-x86_64
Version: 0.3.1
Check: installed package size
Result: NOTE
installed size is 92.2Mb
sub-directories of 1Mb or more:
help 2.7Mb
libs 89.1Mb
Flavors: r-release-macos-arm64, r-release-macos-x86_64, r-release-windows-x86_64, r-oldrel-macos-x86_64, r-oldrel-windows-x86_64
Version: 0.2
Check: installed package size
Result: NOTE
installed size is 199.0Mb
sub-directories of 1Mb or more:
help 2.7Mb
libs 195.7Mb
Flavor: r-oldrel-macos-arm64
Version: 0.2
Check: for GNU extensions in Makefiles
Result: NOTE
GNU make is a SystemRequirements.
Flavor: r-oldrel-macos-arm64
These binaries (installable software) and packages are in development.
They may not be fully stable and should be used with caution. We make no claims about them.