CRAN Package Check Results for Package eList

Last updated on 2025-05-08 04:52:04 CEST.

Flavor Version Tinstall Tcheck Ttotal Status Flags
r-devel-linux-x86_64-debian-clang 0.2.0 2.38 27.12 29.50 NOTE
r-devel-linux-x86_64-debian-gcc 0.2.0 1.94 21.78 23.72 NOTE
r-devel-linux-x86_64-fedora-clang 0.2.0 46.14 OK
r-devel-linux-x86_64-fedora-gcc 0.2.0 57.47 OK
r-devel-windows-x86_64 0.2.0 4.00 49.00 53.00 OK
r-patched-linux-x86_64 0.2.0 2.80 24.78 27.58 OK
r-release-linux-x86_64 0.2.0 2.16 24.95 27.11 OK
r-release-macos-arm64 0.2.0 35.00 OK
r-release-macos-x86_64 0.2.0 68.00 OK
r-release-windows-x86_64 0.2.0 5.00 50.00 55.00 OK
r-oldrel-macos-arm64 0.2.0 26.00 NOTE
r-oldrel-macos-x86_64 0.2.0 36.00 NOTE
r-oldrel-windows-x86_64 0.2.0 4.00 52.00 56.00 NOTE

Check Details

Version: 0.2.0
Check: CRAN incoming feasibility
Result: NOTE Maintainer: ‘Chris Mann <cmann3@unl.edu>’ No Authors@R field in DESCRIPTION. Please add one, modifying Authors@R: person(given = "Chris", family = "Mann", role = c("aut", "cre"), email = "cmann3@unl.edu") as necessary. Flavors: r-devel-linux-x86_64-debian-clang, r-devel-linux-x86_64-debian-gcc

Version: 0.2.0
Check: LazyData
Result: NOTE 'LazyData' is specified without a 'data' directory Flavors: r-oldrel-macos-arm64, r-oldrel-macos-x86_64, r-oldrel-windows-x86_64

These binaries (installable software) and packages are in development.
They may not be fully stable and should be used with caution. We make no claims about them.