Last updated on 2025-05-01 08:52:32 CEST.
Flavor | Version | Tinstall | Tcheck | Ttotal | Status | Flags |
---|---|---|---|---|---|---|
r-devel-linux-x86_64-debian-clang | 1.0 | 17.04 | 53.13 | 70.17 | NOTE | |
r-devel-linux-x86_64-debian-gcc | 1.0 | 11.20 | 38.62 | 49.82 | NOTE | |
r-devel-linux-x86_64-fedora-clang | 1.0 | 105.26 | OK | |||
r-devel-linux-x86_64-fedora-gcc | 1.0 | 99.04 | OK | |||
r-devel-windows-x86_64 | 1.0 | 21.00 | 87.00 | 108.00 | OK | |
r-patched-linux-x86_64 | 1.0 | 17.36 | 49.43 | 66.79 | OK | |
r-release-linux-x86_64 | OK | |||||
r-release-macos-arm64 | 1.0 | 35.00 | OK | |||
r-release-macos-x86_64 | 1.0 | 78.00 | OK | |||
r-release-windows-x86_64 | 1.0 | 21.00 | 92.00 | 113.00 | OK | |
r-oldrel-macos-arm64 | 1.0 | 34.00 | OK | |||
r-oldrel-macos-x86_64 | 1.0 | 68.00 | OK | |||
r-oldrel-windows-x86_64 | 1.0 | 26.00 | 104.00 | 130.00 | OK |
Version: 1.0
Check: CRAN incoming feasibility
Result: NOTE
Maintainer: ‘Karolos K. Korkas <kkorkas@yahoo.co.uk>’
No Authors@R field in DESCRIPTION.
Please add one, modifying
Authors@R: person(given = c("Karolos", "K."),
family = "Korkas",
role = c("aut", "cre"),
email = "kkorkas@yahoo.co.uk")
as necessary.
The Description field contains
Korkas (2020) <arXiv:2003.03649>.
Please refer to arXiv e-prints via their arXiv DOI <doi:10.48550/arXiv.YYMM.NNNNN>.
Flavors: r-devel-linux-x86_64-debian-clang, r-devel-linux-x86_64-debian-gcc
These binaries (installable software) and packages are in development.
They may not be fully stable and should be used with caution. We make no claims about them.