Last updated on 2024-07-27 15:50:16 CEST.
Flavor | Version | Tinstall | Tcheck | Ttotal | Status | Flags |
---|---|---|---|---|---|---|
r-devel-linux-x86_64-debian-clang | 0.11.0 | 14.84 | 419.21 | 434.05 | OK | |
r-devel-linux-x86_64-debian-gcc | 0.11.0 | OK | ||||
r-devel-linux-x86_64-fedora-clang | 0.11.0 | 523.00 | OK | |||
r-devel-linux-x86_64-fedora-gcc | 0.11.0 | 441.30 | OK | |||
r-devel-windows-x86_64 | 0.11.0 | 16.00 | 267.00 | 283.00 | OK | |
r-patched-linux-x86_64 | 0.11.0 | OK | ||||
r-release-linux-x86_64 | 0.11.0 | 11.00 | 330.93 | 341.93 | OK | |
r-release-macos-arm64 | 0.11.0 | 178.00 | OK | |||
r-release-macos-x86_64 | 0.11.0 | 229.00 | OK | |||
r-release-windows-x86_64 | 0.11.0 | 14.00 | 269.00 | 283.00 | OK | |
r-oldrel-macos-arm64 | 0.11.0 | 159.00 | WARN | |||
r-oldrel-macos-x86_64 | 0.11.0 | 228.00 | WARN | |||
r-oldrel-windows-x86_64 | 0.11.0 | 19.00 | 311.00 | 330.00 | WARN |
Version: 0.11.0
Check: Rd files
Result: WARN
checkRd: (5) ePCR.Rd:0-17: Must have a \description
Flavors: r-oldrel-macos-arm64, r-oldrel-macos-x86_64, r-oldrel-windows-x86_64
These binaries (installable software) and packages are in development.
They may not be fully stable and should be used with caution. We make no claims about them.