CRAN Package Check Results for Package ePCR

Last updated on 2025-11-13 03:51:00 CET.

Flavor Version Tinstall Tcheck Ttotal Status Flags
r-devel-linux-x86_64-debian-clang 0.11.0 13.51 282.37 295.88 NOTE
r-devel-linux-x86_64-debian-gcc 0.11.0 9.06 190.82 199.88 NOTE
r-devel-linux-x86_64-fedora-clang 0.11.0 73.00 469.98 542.98 OK
r-devel-linux-x86_64-fedora-gcc 0.11.0 31.00 420.98 451.98 OK
r-devel-windows-x86_64 0.11.0 16.00 257.00 273.00 OK
r-patched-linux-x86_64 0.11.0 12.71 258.41 271.12 OK
r-release-linux-x86_64 0.11.0 12.78 256.63 269.41 OK
r-release-macos-arm64 0.11.0 7.00 171.00 178.00 OK
r-release-macos-x86_64 0.11.0 11.00 322.00 333.00 OK
r-release-windows-x86_64 0.11.0 16.00 254.00 270.00 OK
r-oldrel-macos-arm64 0.11.0 6.00 172.00 178.00 OK
r-oldrel-macos-x86_64 0.11.0 10.00 219.00 229.00 OK
r-oldrel-windows-x86_64 0.11.0 23.00 315.00 338.00 OK

Check Details

Version: 0.11.0
Check: CRAN incoming feasibility
Result: NOTE Maintainer: ‘Teemu Daniel Laajala <teelaa@utu.fi>’ No Authors@R field in DESCRIPTION. Please add one, modifying Authors@R: c(person(given = c("Teemu", "Daniel"), family = "Laajala", role = c("aut", "cre"), email = "teelaa@utu.fi"), person(given = "Mika", family = "Murtojarvi", role = "ctb", email = "mianmu2@hotmail.com")) as necessary. Flavors: r-devel-linux-x86_64-debian-clang, r-devel-linux-x86_64-debian-gcc

These binaries (installable software) and packages are in development.
They may not be fully stable and should be used with caution. We make no claims about them.