Last updated on 2025-11-12 12:53:09 CET.
| Flavor | Version | Tinstall | Tcheck | Ttotal | Status | Flags |
|---|---|---|---|---|---|---|
| r-devel-linux-x86_64-debian-clang | 1.0-10 | 16.78 | 157.86 | 174.64 | NOTE | |
| r-devel-linux-x86_64-debian-gcc | 1.0-10 | 11.06 | 103.74 | 114.80 | NOTE | |
| r-devel-linux-x86_64-fedora-clang | 1.0-10 | 38.00 | 245.91 | 283.91 | NOTE | |
| r-devel-linux-x86_64-fedora-gcc | 1.0-10 | 41.00 | 248.66 | 289.66 | NOTE | |
| r-devel-windows-x86_64 | 1.0-10 | 21.00 | 195.00 | 216.00 | NOTE | |
| r-patched-linux-x86_64 | 1.0-10 | 17.47 | 155.43 | 172.90 | OK | |
| r-release-linux-x86_64 | 1.0-10 | 15.52 | 153.09 | 168.61 | OK | |
| r-release-macos-arm64 | 1.0-10 | 11.00 | 71.00 | 82.00 | OK | |
| r-release-macos-x86_64 | 1.0-10 | 19.00 | 146.00 | 165.00 | OK | |
| r-release-windows-x86_64 | 1.0-10 | 22.00 | 192.00 | 214.00 | OK | |
| r-oldrel-macos-arm64 | 1.0-10 | 9.00 | 71.00 | 80.00 | OK | |
| r-oldrel-macos-x86_64 | 1.0-10 | 13.00 | 175.00 | 188.00 | OK | |
| r-oldrel-windows-x86_64 | 1.0-10 | 28.00 | 232.00 | 260.00 | OK |
Version: 1.0-10
Check: Rd files
Result: NOTE
checkRd: (-1) RaschSampler.Rd:35-41: Only 2 columns allowed in this table (row 6 has 1)
Flavors: r-devel-linux-x86_64-debian-clang, r-devel-linux-x86_64-debian-gcc, r-devel-linux-x86_64-fedora-clang, r-devel-linux-x86_64-fedora-gcc, r-devel-windows-x86_64
These binaries (installable software) and packages are in development.
They may not be fully stable and should be used with caution. We make no claims about them.