Last updated on 2025-02-23 13:51:09 CET.
Flavor | Version | Tinstall | Tcheck | Ttotal | Status | Flags |
---|---|---|---|---|---|---|
r-devel-linux-x86_64-debian-clang | 2.5.1 | 8.87 | 77.62 | 86.49 | OK | |
r-devel-linux-x86_64-debian-gcc | 2.5.1 | 8.22 | 63.72 | 71.94 | OK | |
r-devel-linux-x86_64-fedora-clang | 2.5.1 | 130.96 | OK | |||
r-devel-linux-x86_64-fedora-gcc | 2.5.1 | 130.70 | OK | |||
r-devel-macos-arm64 | 2.5.1 | 55.00 | OK | |||
r-devel-macos-x86_64 | 2.5.1 | 94.00 | OK | |||
r-devel-windows-x86_64 | 2.5.1 | 31.00 | 110.00 | 141.00 | OK | |
r-patched-linux-x86_64 | 2.5.1 | 9.63 | 76.27 | 85.90 | NOTE | |
r-release-linux-x86_64 | 2.5.1 | 10.52 | 76.72 | 87.24 | NOTE | |
r-release-macos-arm64 | 2.5.1 | 60.00 | NOTE | |||
r-release-macos-x86_64 | 2.5.1 | 146.00 | NOTE | |||
r-release-windows-x86_64 | 2.5.1 | 30.00 | 110.00 | 140.00 | NOTE | |
r-oldrel-macos-arm64 | 2.5.1 | 72.00 | NOTE | |||
r-oldrel-macos-x86_64 | 2.5.1 | 107.00 | NOTE | |||
r-oldrel-windows-x86_64 | 2.5.1 | 47.00 | 124.00 | 171.00 | NOTE |
Version: 2.5.1
Check: for GNU extensions in Makefiles
Result: NOTE
GNU make is a SystemRequirements.
Flavors: r-patched-linux-x86_64, r-release-linux-x86_64, r-release-macos-arm64, r-release-macos-x86_64, r-release-windows-x86_64, r-oldrel-macos-arm64, r-oldrel-macos-x86_64, r-oldrel-windows-x86_64
These binaries (installable software) and packages are in development.
They may not be fully stable and should be used with caution. We make no claims about them.