Last updated on 2025-10-03 13:49:31 CEST.
Flavor | Version | Tinstall | Tcheck | Ttotal | Status | Flags |
---|---|---|---|---|---|---|
r-devel-linux-x86_64-debian-clang | 2.5.2 | 9.17 | 82.73 | 91.90 | OK | |
r-devel-linux-x86_64-debian-gcc | 2.5.2 | 7.98 | 63.02 | 71.00 | OK | |
r-devel-linux-x86_64-fedora-clang | 2.5.2 | 136.10 | OK | |||
r-devel-linux-x86_64-fedora-gcc | 2.5.2 | 133.18 | OK | |||
r-devel-windows-x86_64 | 2.5.2 | 45.00 | 112.00 | 157.00 | OK | |
r-patched-linux-x86_64 | 2.5.2 | 11.38 | 76.26 | 87.64 | OK | |
r-release-linux-x86_64 | 2.5.2 | 10.56 | 75.82 | 86.38 | OK | |
r-release-macos-arm64 | 2.5.2 | 65.00 | OK | |||
r-release-macos-x86_64 | 2.5.2 | 96.00 | OK | |||
r-release-windows-x86_64 | 2.5.2 | 41.00 | 112.00 | 153.00 | OK | |
r-oldrel-macos-arm64 | 2.5.2 | 55.00 | NOTE | |||
r-oldrel-macos-x86_64 | 2.5.2 | 95.00 | NOTE | |||
r-oldrel-windows-x86_64 | 2.5.2 | 49.00 | 131.00 | 180.00 | NOTE |
Version: 2.5.2
Check: for GNU extensions in Makefiles
Result: NOTE
GNU make is a SystemRequirements.
Flavors: r-oldrel-macos-arm64, r-oldrel-macos-x86_64, r-oldrel-windows-x86_64
These binaries (installable software) and packages are in development.
They may not be fully stable and should be used with caution. We make no claims about them.