Last updated on 2025-11-11 17:49:57 CET.
| Flavor | Version | Tinstall | Tcheck | Ttotal | Status | Flags |
|---|---|---|---|---|---|---|
| r-devel-linux-x86_64-debian-clang | 0.0.5 | 5.99 | 77.65 | 83.64 | NOTE | |
| r-devel-linux-x86_64-debian-gcc | 0.0.5 | 4.26 | 58.71 | 62.97 | NOTE | |
| r-devel-linux-x86_64-fedora-clang | 0.0.5 | 13.00 | 118.98 | 131.98 | NOTE | |
| r-devel-linux-x86_64-fedora-gcc | 0.0.5 | 15.00 | 121.56 | 136.56 | NOTE | |
| r-devel-windows-x86_64 | 0.0.5 | 8.00 | 84.00 | 92.00 | NOTE | |
| r-patched-linux-x86_64 | 0.0.5 | 5.55 | 72.84 | 78.39 | NOTE | |
| r-release-linux-x86_64 | 0.0.5 | 6.26 | 73.48 | 79.74 | NOTE | |
| r-release-macos-arm64 | 0.0.5 | 2.00 | 39.00 | 41.00 | NOTE | |
| r-release-macos-x86_64 | 0.0.5 | 4.00 | 66.00 | 70.00 | NOTE | |
| r-release-windows-x86_64 | 0.0.5 | 9.00 | 89.00 | 98.00 | NOTE | |
| r-oldrel-macos-arm64 | 0.0.5 | 2.00 | 36.00 | 38.00 | NOTE | |
| r-oldrel-macos-x86_64 | 0.0.5 | 3.00 | 53.00 | 56.00 | NOTE | |
| r-oldrel-windows-x86_64 | 0.0.5 | 11.00 | 108.00 | 119.00 | NOTE |
Version: 0.0.5
Check: Rd files
Result: NOTE
checkRd: (-1) plot.earlyR.Rd:34-46: Lost braces
34 | if (require(incidence)) {
| ^
Flavors: r-devel-linux-x86_64-debian-clang, r-devel-linux-x86_64-debian-gcc, r-devel-linux-x86_64-fedora-clang, r-devel-linux-x86_64-fedora-gcc, r-devel-windows-x86_64, r-patched-linux-x86_64, r-release-linux-x86_64, r-release-macos-arm64, r-release-macos-x86_64, r-release-windows-x86_64, r-oldrel-macos-arm64, r-oldrel-macos-x86_64, r-oldrel-windows-x86_64
Version: 0.0.5
Check: LazyData
Result: NOTE
'LazyData' is specified without a 'data' directory
Flavors: r-oldrel-macos-arm64, r-oldrel-macos-x86_64, r-oldrel-windows-x86_64
These binaries (installable software) and packages are in development.
They may not be fully stable and should be used with caution. We make no claims about them.