Last updated on 2025-02-02 14:48:21 CET.
Flavor | Version | Tinstall | Tcheck | Ttotal | Status | Flags |
---|---|---|---|---|---|---|
r-devel-linux-x86_64-debian-clang | 0.0.5 | 4.28 | 61.92 | 66.20 | NOTE | |
r-devel-linux-x86_64-debian-gcc | 0.0.5 | 3.89 | 44.84 | 48.73 | NOTE | |
r-devel-linux-x86_64-fedora-clang | 0.0.5 | 108.10 | NOTE | |||
r-devel-linux-x86_64-fedora-gcc | 0.0.5 | 113.39 | NOTE | |||
r-devel-windows-x86_64 | 0.0.5 | 7.00 | 74.00 | 81.00 | NOTE | |
r-patched-linux-x86_64 | 0.0.5 | 4.05 | 57.44 | 61.49 | NOTE | |
r-release-linux-x86_64 | 0.0.5 | 4.64 | 57.25 | 61.89 | NOTE | |
r-release-macos-arm64 | 0.0.5 | 38.00 | NOTE | |||
r-release-macos-x86_64 | 0.0.5 | 56.00 | NOTE | |||
r-release-windows-x86_64 | 0.0.5 | 6.00 | 74.00 | 80.00 | NOTE | |
r-oldrel-macos-arm64 | 0.0.5 | 38.00 | NOTE | |||
r-oldrel-macos-x86_64 | 0.0.5 | 54.00 | NOTE | |||
r-oldrel-windows-x86_64 | 0.0.5 | 8.00 | 87.00 | 95.00 | NOTE |
Version: 0.0.5
Check: Rd files
Result: NOTE
checkRd: (-1) plot.earlyR.Rd:34-46: Lost braces
34 | if (require(incidence)) {
| ^
Flavors: r-devel-linux-x86_64-debian-clang, r-devel-linux-x86_64-debian-gcc, r-devel-linux-x86_64-fedora-clang, r-devel-linux-x86_64-fedora-gcc, r-devel-windows-x86_64, r-patched-linux-x86_64, r-release-linux-x86_64, r-release-macos-arm64, r-release-macos-x86_64, r-release-windows-x86_64
Version: 0.0.5
Check: LazyData
Result: NOTE
'LazyData' is specified without a 'data' directory
Flavors: r-patched-linux-x86_64, r-release-linux-x86_64, r-release-macos-arm64, r-release-macos-x86_64, r-release-windows-x86_64, r-oldrel-macos-arm64, r-oldrel-macos-x86_64, r-oldrel-windows-x86_64
These binaries (installable software) and packages are in development.
They may not be fully stable and should be used with caution. We make no claims about them.