Last updated on 2025-11-12 19:51:47 CET.
| Flavor | Version | Tinstall | Tcheck | Ttotal | Status | Flags |
|---|---|---|---|---|---|---|
| r-devel-linux-x86_64-debian-clang | 0.1.7 | 42.76 | 173.07 | 215.83 | OK | |
| r-devel-linux-x86_64-debian-gcc | 0.1.7 | 32.31 | 130.46 | 162.77 | OK | |
| r-devel-linux-x86_64-fedora-clang | 0.1.7 | 90.00 | 283.44 | 373.44 | OK | |
| r-devel-linux-x86_64-fedora-gcc | 0.1.7 | 79.00 | 325.50 | 404.50 | OK | |
| r-devel-windows-x86_64 | 0.1.7 | 42.00 | 242.00 | 284.00 | OK | |
| r-patched-linux-x86_64 | 0.1.7 | 42.36 | 187.78 | 230.14 | OK | |
| r-release-linux-x86_64 | 0.1.7 | 43.22 | 187.16 | 230.38 | OK | |
| r-release-macos-arm64 | 0.1.7 | 19.00 | 86.00 | 105.00 | OK | |
| r-release-macos-x86_64 | 0.1.7 | 38.00 | 180.00 | 218.00 | OK | |
| r-release-windows-x86_64 | 0.1.7 | 41.00 | 237.00 | 278.00 | OK | |
| r-oldrel-macos-arm64 | 0.1.7 | 18.00 | 101.00 | 119.00 | NOTE | |
| r-oldrel-macos-x86_64 | 0.1.7 | 38.00 | 213.00 | 251.00 | NOTE | |
| r-oldrel-windows-x86_64 | 0.1.7 | 50.00 | 281.00 | 331.00 | OK |
Version: 0.1.7
Check: installed package size
Result: NOTE
installed size is 18.3Mb
sub-directories of 1Mb or more:
R 2.5Mb
libs 15.5Mb
Flavors: r-oldrel-macos-arm64, r-oldrel-macos-x86_64
These binaries (installable software) and packages are in development.
They may not be fully stable and should be used with caution. We make no claims about them.