Last updated on 2025-10-23 11:50:12 CEST.
Flavor | Version | Tinstall | Tcheck | Ttotal | Status | Flags |
---|---|---|---|---|---|---|
r-devel-linux-x86_64-debian-clang | 0.1.7 | 38.60 | 186.38 | 224.98 | OK | |
r-devel-linux-x86_64-debian-gcc | 0.1.7 | 32.64 | 131.87 | 164.51 | OK | |
r-devel-linux-x86_64-fedora-clang | 0.1.7 | 106.00 | 269.18 | 375.18 | OK | |
r-devel-linux-x86_64-fedora-gcc | 0.1.7 | 77.00 | 326.94 | 403.94 | OK | |
r-devel-windows-x86_64 | 0.1.7 | 41.00 | 241.00 | 282.00 | OK | |
r-patched-linux-x86_64 | 0.1.7 | 39.42 | 188.44 | 227.86 | OK | |
r-release-linux-x86_64 | 0.1.7 | 44.42 | 186.09 | 230.51 | OK | |
r-release-macos-arm64 | 0.1.7 | 19.00 | 86.00 | 105.00 | OK | |
r-release-macos-x86_64 | 0.1.7 | 38.00 | 180.00 | 218.00 | OK | |
r-release-windows-x86_64 | 0.1.7 | 41.00 | 244.00 | 285.00 | OK | |
r-oldrel-macos-arm64 | 0.1.7 | 18.00 | 101.00 | 119.00 | NOTE | |
r-oldrel-macos-x86_64 | 0.1.7 | 38.00 | 213.00 | 251.00 | NOTE | |
r-oldrel-windows-x86_64 | 0.1.7 | 51.00 | 275.00 | 326.00 | OK |
Version: 0.1.7
Check: installed package size
Result: NOTE
installed size is 18.3Mb
sub-directories of 1Mb or more:
R 2.5Mb
libs 15.5Mb
Flavors: r-oldrel-macos-arm64, r-oldrel-macos-x86_64
These binaries (installable software) and packages are in development.
They may not be fully stable and should be used with caution. We make no claims about them.