CRAN Package Check Results for Package easyRef

Last updated on 2025-10-23 15:49:52 CEST.

Flavor Version Tinstall Tcheck Ttotal Status Flags
r-devel-linux-x86_64-debian-clang 0.1.0 2.77 25.81 28.58 NOTE
r-devel-linux-x86_64-debian-gcc 0.1.0 2.09 19.52 21.61 OK
r-devel-linux-x86_64-fedora-clang 0.1.0 43.51 OK
r-devel-linux-x86_64-fedora-gcc 0.1.0 38.71 OK
r-devel-windows-x86_64 0.1.0 5.00 44.00 49.00 OK
r-patched-linux-x86_64 0.1.0 3.23 23.49 26.72 OK
r-release-linux-x86_64 0.1.0 2.91 23.47 26.38 OK
r-release-macos-arm64 0.1.0 2.00 15.00 17.00 OK
r-release-macos-x86_64 0.1.0 3.00 24.00 27.00 OK
r-release-windows-x86_64 0.1.0 6.00 63.00 69.00 OK
r-oldrel-macos-arm64 0.1.0 2.00 21.00 23.00 OK
r-oldrel-macos-x86_64 0.1.0 3.00 28.00 31.00 OK
r-oldrel-windows-x86_64 0.1.0 6.00 56.00 62.00 OK

Check Details

Version: 0.1.0
Check: HTML version of manual
Result: NOTE Found the following HTML validation problems: ensure_dir.html:46:1 (ensure_dir.Rd:10): Warning: missing </ul> before </div> write_text.html:54:1 (write_text.Rd:14): Warning: missing </ul> before </div> Flavor: r-devel-linux-x86_64-debian-clang

These binaries (installable software) and packages are in development.
They may not be fully stable and should be used with caution. We make no claims about them.