Last updated on 2025-05-01 15:49:29 CEST.
Flavor | Version | Tinstall | Tcheck | Ttotal | Status | Flags |
---|---|---|---|---|---|---|
r-devel-linux-x86_64-debian-clang | 11.0 | 12.73 | 82.90 | 95.63 | NOTE | |
r-devel-linux-x86_64-debian-gcc | 11.0 | 7.16 | 53.42 | 60.58 | OK | |
r-devel-linux-x86_64-fedora-clang | 11.0 | 152.83 | OK | |||
r-devel-linux-x86_64-fedora-gcc | 11.0 | 141.11 | OK | |||
r-devel-windows-x86_64 | 11.0 | 12.00 | 105.00 | 117.00 | OK | |
r-patched-linux-x86_64 | 11.0 | 12.60 | 78.87 | 91.47 | OK | |
r-release-linux-x86_64 | OK | |||||
r-release-macos-arm64 | 11.0 | 47.00 | OK | |||
r-release-macos-x86_64 | 11.0 | 79.00 | OK | |||
r-release-windows-x86_64 | 11.0 | 12.00 | 109.00 | 121.00 | OK | |
r-oldrel-macos-arm64 | 11.0 | 39.00 | OK | |||
r-oldrel-macos-x86_64 | 11.0 | 76.00 | OK | |||
r-oldrel-windows-x86_64 | 11.0 | 15.00 | 116.00 | 131.00 | OK |
Version: 11.0
Check: examples
Result: NOTE
Examples with CPU (user + system) or elapsed time > 5s
user system elapsed
ea1 7.025 0.101 9.242
Flavor: r-devel-linux-x86_64-debian-clang
Version: 11.0
Check: examples
Result: NA
user system elapsed
ea1 4.281 0.056 5.034
OK
Flavor: r-devel-linux-x86_64-debian-gcc
These binaries (installable software) and packages are in development.
They may not be fully stable and should be used with caution. We make no claims about them.