Last updated on 2025-02-16 10:50:45 CET.
Flavor | Version | Tinstall | Tcheck | Ttotal | Status | Flags |
---|---|---|---|---|---|---|
r-devel-linux-x86_64-debian-clang | 0.2.1 | 39.42 | 300.54 | 339.96 | NOTE | |
r-devel-linux-x86_64-debian-gcc | 0.2.1 | 30.97 | 208.28 | 239.25 | NOTE | |
r-devel-linux-x86_64-fedora-clang | 0.2.1 | 566.90 | NOTE | |||
r-devel-linux-x86_64-fedora-gcc | 0.2.1 | 512.61 | NOTE | |||
r-devel-macos-arm64 | 0.2.1 | 128.00 | OK | |||
r-devel-macos-x86_64 | 0.2.1 | 237.00 | NOTE | |||
r-devel-windows-x86_64 | 0.2.1 | 36.00 | 264.00 | 300.00 | NOTE | |
r-patched-linux-x86_64 | 0.2.1 | 39.57 | 275.43 | 315.00 | OK | |
r-release-linux-x86_64 | 0.2.1 | 42.88 | 273.11 | 315.99 | OK | |
r-release-macos-arm64 | 0.2.1 | 73.00 | OK | |||
r-release-macos-x86_64 | 0.2.1 | 114.00 | OK | |||
r-release-windows-x86_64 | 0.2.1 | 36.00 | 262.00 | 298.00 | OK | |
r-oldrel-macos-arm64 | 0.2.1 | 86.00 | OK | |||
r-oldrel-macos-x86_64 | 0.2.1 | 122.00 | OK | |||
r-oldrel-windows-x86_64 | 0.2.1 | 44.00 | 339.00 | 383.00 | OK |
Version: 0.2.1
Check: DESCRIPTION meta-information
Result: NOTE
Missing dependency on R >= 4.1.0 because package code uses the pipe
|> or function shorthand \(...) syntax added in R 4.1.0.
File(s) using such syntax:
‘plottingfunctions.bgms.R’ ‘plottingfunctions.easybgm.R’
Flavors: r-devel-linux-x86_64-debian-clang, r-devel-linux-x86_64-debian-gcc, r-devel-linux-x86_64-fedora-clang, r-devel-linux-x86_64-fedora-gcc, r-devel-macos-x86_64, r-devel-windows-x86_64
These binaries (installable software) and packages are in development.
They may not be fully stable and should be used with caution. We make no claims about them.