Last updated on 2025-05-01 14:49:08 CEST.
Flavor | Version | Tinstall | Tcheck | Ttotal | Status | Flags |
---|---|---|---|---|---|---|
r-devel-linux-x86_64-debian-clang | 0.2.1 | 39.21 | 306.92 | 346.13 | NOTE | |
r-devel-linux-x86_64-debian-gcc | 0.2.1 | 29.63 | 210.47 | 240.10 | NOTE | |
r-devel-linux-x86_64-fedora-clang | 0.2.1 | 540.02 | NOTE | |||
r-devel-linux-x86_64-fedora-gcc | 0.2.1 | 500.20 | NOTE | |||
r-devel-windows-x86_64 | 0.2.1 | 34.00 | 272.00 | 306.00 | NOTE | |
r-patched-linux-x86_64 | 0.2.1 | 40.78 | 285.36 | 326.14 | NOTE | |
r-release-linux-x86_64 | NOTE | |||||
r-release-macos-arm64 | 0.2.1 | 121.00 | NOTE | |||
r-release-macos-x86_64 | 0.2.1 | 237.00 | NOTE | |||
r-release-windows-x86_64 | 0.2.1 | 36.00 | 278.00 | 314.00 | NOTE | |
r-oldrel-macos-arm64 | 0.2.1 | 73.00 | OK | |||
r-oldrel-macos-x86_64 | 0.2.1 | 114.00 | OK | |||
r-oldrel-windows-x86_64 | 0.2.1 | 46.00 | 354.00 | 400.00 | OK |
Version: 0.2.1
Check: DESCRIPTION meta-information
Result: NOTE
Missing dependency on R >= 4.1.0 because package code uses the pipe
|> or function shorthand \(...) syntax added in R 4.1.0.
File(s) using such syntax:
‘plottingfunctions.bgms.R’ ‘plottingfunctions.easybgm.R’
Flavors: r-devel-linux-x86_64-debian-clang, r-devel-linux-x86_64-debian-gcc, r-devel-linux-x86_64-fedora-clang, r-devel-linux-x86_64-fedora-gcc, r-devel-windows-x86_64, r-patched-linux-x86_64, r-release-linux-x86_64, r-release-macos-arm64, r-release-macos-x86_64, r-release-windows-x86_64
These binaries (installable software) and packages are in development.
They may not be fully stable and should be used with caution. We make no claims about them.