CRAN Package Check Results for Package easycensus

Last updated on 2025-02-16 10:50:45 CET.

Flavor Version Tinstall Tcheck Ttotal Status Flags
r-devel-linux-x86_64-debian-clang 1.1.1 5.73 44.79 50.52 NOTE
r-devel-linux-x86_64-debian-gcc 1.1.1 3.39 33.67 37.06 NOTE
r-devel-linux-x86_64-fedora-clang 1.1.1 83.51 OK
r-devel-linux-x86_64-fedora-gcc 1.1.1 76.29 OK
r-devel-macos-arm64 1.1.1 29.00 OK
r-devel-macos-x86_64 1.1.1 48.00 OK
r-devel-windows-x86_64 1.1.1 7.00 64.00 71.00 NOTE
r-patched-linux-x86_64 1.1.1 10.89 41.58 52.47 OK
r-release-linux-x86_64 1.1.1 4.76 41.82 46.58 OK
r-release-macos-arm64 1.1.1 30.00 OK
r-release-macos-x86_64 1.1.1 57.00 OK
r-release-windows-x86_64 1.1.1 7.00 71.00 78.00 OK
r-oldrel-macos-arm64 1.1.1 31.00 OK
r-oldrel-macos-x86_64 1.1.1 42.00 OK
r-oldrel-windows-x86_64 1.1.1 9.00 72.00 81.00 OK

Check Details

Version: 1.1.1
Check: Rd cross-references
Result: NOTE Found the following Rd file(s) with Rd \link{} targets missing package anchors: cens_margin_to.Rd: group_by, summarize Please provide package anchors for all Rd \link{} targets not in the package itself and the base packages. Flavors: r-devel-linux-x86_64-debian-clang, r-devel-linux-x86_64-debian-gcc, r-devel-windows-x86_64

These binaries (installable software) and packages are in development.
They may not be fully stable and should be used with caution. We make no claims about them.