Last updated on 2025-10-23 17:50:46 CEST.
Flavor | Version | Tinstall | Tcheck | Ttotal | Status | Flags |
---|---|---|---|---|---|---|
r-devel-linux-x86_64-debian-clang | 1.1.3 | 5.12 | 48.65 | 53.77 | NOTE | |
r-devel-linux-x86_64-debian-gcc | 1.1.3 | 2.97 | 34.88 | 37.85 | OK | |
r-devel-linux-x86_64-fedora-clang | 1.1.3 | 12.00 | 66.80 | 78.80 | OK | |
r-devel-linux-x86_64-fedora-gcc | 1.1.3 | 73.87 | OK | |||
r-devel-windows-x86_64 | 1.1.3 | 6.00 | 61.00 | 67.00 | OK | |
r-patched-linux-x86_64 | 1.1.3 | 5.71 | 44.65 | 50.36 | OK | |
r-release-linux-x86_64 | 1.1.3 | 5.14 | 44.46 | 49.60 | OK | |
r-release-macos-arm64 | 1.1.3 | 2.00 | 30.00 | 32.00 | OK | |
r-release-macos-x86_64 | 1.1.3 | 5.00 | 60.00 | 65.00 | OK | |
r-release-windows-x86_64 | 1.1.3 | 9.00 | 65.00 | 74.00 | OK | |
r-oldrel-macos-arm64 | 1.1.3 | 2.00 | 29.00 | 31.00 | OK | |
r-oldrel-macos-x86_64 | 1.1.3 | 6.00 | 50.00 | 56.00 | OK | |
r-oldrel-windows-x86_64 | 1.1.3 | 8.00 | 78.00 | 86.00 | OK |
Version: 1.1.3
Check: HTML version of manual
Result: NOTE
Found the following HTML validation problems:
format.estimate.html:71:1 (format.estimate.Rd:24): Warning: missing </ul> before </div>
Flavor: r-devel-linux-x86_64-debian-clang
These binaries (installable software) and packages are in development.
They may not be fully stable and should be used with caution. We make no claims about them.