CRAN Package Check Results for Package easynls

Last updated on 2025-11-11 15:50:32 CET.

Flavor Version Tinstall Tcheck Ttotal Status Flags
r-devel-linux-x86_64-debian-clang 5.0 2.55 23.54 26.09 NOTE
r-devel-linux-x86_64-debian-gcc 5.0 1.80 18.82 20.62 NOTE
r-devel-linux-x86_64-fedora-clang 5.0 38.87 OK
r-devel-linux-x86_64-fedora-gcc 5.0 36.36 OK
r-devel-windows-x86_64 5.0 4.00 42.00 46.00 OK
r-patched-linux-x86_64 5.0 2.58 22.46 25.04 OK
r-release-linux-x86_64 5.0 2.28 22.29 24.57 OK
r-release-macos-arm64 5.0 1.00 16.00 17.00 OK
r-release-macos-x86_64 5.0 2.00 25.00 27.00 OK
r-release-windows-x86_64 5.0 3.00 42.00 45.00 OK
r-oldrel-macos-arm64 5.0 1.00 15.00 16.00 OK
r-oldrel-macos-x86_64 5.0 2.00 20.00 22.00 OK
r-oldrel-windows-x86_64 5.0 3.00 43.00 46.00 OK

Check Details

Version: 5.0
Check: CRAN incoming feasibility
Result: NOTE Maintainer: ‘Emmanuel Arnhold <emmanuelarnhold@yahoo.com.br>’ No Authors@R field in DESCRIPTION. Please add one, modifying Authors@R: person(given = "Emmanuel", family = "Arnhold", role = c("aut", "cre"), email = "emmanuelarnhold@yahoo.com.br") as necessary. Flavors: r-devel-linux-x86_64-debian-clang, r-devel-linux-x86_64-debian-gcc

These binaries (installable software) and packages are in development.
They may not be fully stable and should be used with caution. We make no claims about them.